{"id":92,"date":"2014-07-08T14:08:13","date_gmt":"2014-07-08T14:08:13","guid":{"rendered":"http:\/\/jpbuse.be\/?page_id=92"},"modified":"2025-09-04T14:19:52","modified_gmt":"2025-09-04T14:19:52","slug":"fipi","status":"publish","type":"page","link":"https:\/\/www.jeunesseabruxelles.be\/site\/cohesion-sociale-fipi\/fipi\/","title":{"rendered":"Volet local IMPULSION de la Ville de Bruxelles"},"content":{"rendered":"<p><strong><u>Cadre de l\u2019appel \u00e0 projets\u00a0:<\/u><\/strong><\/p>\n<p>Cet appel est lanc\u00e9 dans le cadre du D\u00e9cret du 30 novembre 2018 relatif \u00e0 la coh\u00e9sion sociale afin de financer des projets renfor\u00e7ant la coh\u00e9sion sociale. Ces projets viseront \u00e0 s\u2019inclure dans une d\u00e9marche novatrice ou dans l\u2019impulsion d\u2019actions nouvelles ou d\u2019outils nouveaux.<\/p>\n<p>Documents de r\u00e9f\u00e9rences\u00a0:<\/p>\n<ul>\n<li>D\u00e9cret relatif \u00e0 la Coh\u00e9sion Sociale :<\/li>\n<\/ul>\n<a href=\"https:\/\/www.jeunesseabruxelles.be\/site\" class=\"su-button su-button-style-flat su-button-wide\" style=\"color:#ffffff;background-color:#90aeb4;border-color:#748c90;border-radius:5px\" target=\"_self\"><span style=\"color:#ffffff;padding:6px 18px;font-size:14px;line-height:21px;border-color:#b2c7cb;border-radius:5px;text-shadow:none\"><i class=\"sui sui-arrow-down\" style=\"font-size:14px;color:#FFFFFF\"><\/i> T\u00e9l\u00e9charger le d\u00e9cret de coh\u00e9sion sociale du 30 novembre 2018 <\/span><\/a>\n<ul>\n<li>Arr\u00eat\u00e9 :<\/li>\n<\/ul>\n<a href=\"https:\/\/www.jeunesseabruxelles.be\/site\" class=\"su-button su-button-style-flat su-button-wide\" style=\"color:#ffffff;background-color:#90aeb4;border-color:#748c90;border-radius:5px\" target=\"_self\"><span style=\"color:#ffffff;padding:6px 18px;font-size:14px;line-height:21px;border-color:#b2c7cb;border-radius:5px;text-shadow:none\"><i class=\"sui sui-arrow-down\" style=\"font-size:14px;color:#FFFFFF\"><\/i> T\u00e9l\u00e9charger l&rsquo;arr\u00eat\u00e9 d&rsquo;ex\u00e9cution du 20 juin 2019 <\/span><\/a>\n<p><strong>Quelles sont les conditions d\u2019\u00e9ligibilit\u00e9 ?<\/strong><\/p>\n<p><strong><u>Pour le volet local<\/u><\/strong> : les asbl mono-communautaires francophones dont le si\u00e8ge d\u2019activit\u00e9s est situ\u00e9 dans une des 9 communes \u00e9ligibles \u00e0 savoir Anderlecht, Ville de Bruxelles, Etterbeek, Forest, Ixelles, Molenbeek-Saint-Jean, Saint-Gilles, Saint-Josse-Ten-Noode, Schaerbeek avec une attention particuli\u00e8re pour les quartiers prioritaires ( Cfr site Cocof*\u00a0:\u00a0 <a href=\"https:\/\/ccf.brussels\/\">https:\/\/ccf.brussels\/ &#8211; <\/a>taper dans le moteur de recherche du site \u00ab\u00a0appel \u00e0 projet impulsion\u00a0\u00bb).<\/p>\n<p><strong>Pour la ville de Bruxelles\u00a0: l\u2019ensemble du territoire de la ville est concern\u00e9 par la Coh\u00e9sion Sociale. Les quartiers les plus prioritaires sont\u00a0: <\/strong><strong>Quartier Cirque Royal, Quartier Haren, Quartier Laeken, Quartier Les squares, Quartier Marolles, Quartier Meyboom, Quartier NOH (Versailles \u2013 Val Maria \u2013 Bruyn), Quartier Nord, Quartier Senne.<\/strong><\/p>\n<p>Si vous avez des questions concernant l\u2019introduction d\u2019une candidature dans le cadre du <strong><u>Volet local Impulsion de la Ville de Bruxelles<\/u><\/strong>\u00a0: merci de prendre contact avec la coordination locale Coh\u00e9sion Sociale\/Impulsion de la Ville de Bruxelles\u00a0: <a href=\"mailto:basma.benamar@brucity.be\">basma.benamar@brucity.be<\/a> et\/ou <a href=\"mailto:karim.bouhout@brucity.be\">karim.bouhout@brucity.be<\/a>\u00a0.<\/p>\n<p>Pour le volet g\u00e9n\u00e9ral : les asbl mono-communautaires francophones dont le si\u00e8ge d\u2019activit\u00e9s est situ\u00e9 sur le territoire de la R\u00e9gion bruxelloise avec une attention particuli\u00e8re pour les quartiers prioritaires list\u00e9s (\u00e0 consulter sur le site de la CoCof : <a href=\"https:\/\/ccf.brussels\/\">https:\/\/ccf.brussels\/<\/a>) lors de l\u2019appel \u00e0 projets \u00e0 condition que le projet se d\u00e9roule dans au moins 2 communes bruxelloises ou dans une des 10 communes non \u00e9ligibles au volet local Impulsion; soit : Auderghem, Berchem-Sainte-Agathe, Evere, Ganshoren, Jette, Koekelberg, Uccle, Woluwe-Saint-Lambert, Woluwe-Saint-Pierre, Watermael-Boitsfort.<\/p>\n<p>Vous introduisez une demande <strong>soit sur le volet local soit sur le volet g\u00e9n\u00e9ral<\/strong>. En cas de doute, merci de contacter votre gestionnaire ( volet g\u00e9n\u00e9ral) ou <strong>votre coordination locale (volet local) de r\u00e9f\u00e9rence (voir site de la Cocof* : <\/strong><a href=\"https:\/\/ccf.brussels\/\">https:\/\/ccf.brussels\/<\/a><strong>).<\/strong><\/p>\n<p><strong>Que soutient l\u2019appel \u00e0 projets Impulsion ?<\/strong><\/p>\n<p>Les demandes introduites doivent soutenir les dynamiques locales favorisant la coh\u00e9sion sociale, l\u2019insertion sociale des personnes issues de l\u2019immigration (avec une attention particuli\u00e8re pour les nouvelles migrations, les femmes, les jeunes et les personnes porteuses d\u2019un handicap) et favorisant une meilleure cohabitation des communaut\u00e9s locales.<\/p>\n<p><strong>Que couvre le subside Impulsion ?<\/strong><\/p>\n<p>Des frais de fonctionnement et\/ou de personnel.<\/p>\n<p><strong>Pour quel montant ?<\/strong><\/p>\n<p>Pour le volet g\u00e9n\u00e9ral, un montant maximum de 20.000 \u20ac par an et par asbl.<\/p>\n<p><strong>Quelle est la p\u00e9riode couverte par ces subsides ?<\/strong><\/p>\n<p>Entre le 1er janvier et le 31 d\u00e9cembre de l\u2019ann\u00e9e de subvention. Les pi\u00e8ces justificatives devront \u00eatre remises pour le 31 janvier de l\u2019ann\u00e9e suivante au plus tard aupr\u00e8s de la coordination locale de la Ville de Bruxelles.<\/p>\n<p><strong>Depuis 2024\u00a0:<\/strong> possibilit\u00e9 de financement pluriannuel sur 2 ou 3 ans \u00e0 condition d\u2019avoir obtenu un subside en Impulsion ( cfr le site de la Cocof pour ces conditions : <a href=\"https:\/\/ccf.brussels\/\"><strong>https:\/\/ccf.brussels\/<\/strong><\/a>).<\/p>\n<p>Un contrat-projet sera sign\u00e9 avec l\u2019ASBL s\u00e9lectionn\u00e9e.<\/p>\n<p><strong>Quand devez-vous envoyer votre demande de subvention ?<\/strong><\/p>\n<p>Les formalit\u00e9s de d\u00e9lais d\u2019introduction sont renseign\u00e9s sur le site de la Cocof*.<\/p>\n<p><strong>Que devez-vous transmettre ?<\/strong><\/p>\n<p>Votre dossier devra comporter :<\/p>\n<ul>\n<li>Le questionnaire de demande de subvention compl\u00e9t\u00e9 (voir \u201cDocuments utiles\u201d sur le site de la CoCof: <a href=\"https:\/\/ccf.brussels\/\"><strong>https:\/\/ccf.brussels\/<\/strong><\/a>).<\/li>\n<li>Le budget pr\u00e9visionnel \u201cFrais de fonctionnement\u201d pour l\u2019Impulsion volet local et g\u00e9n\u00e9ral (voir \u201cDocuments utiles\u201d sur le site de la CoCof\u00a0: <a href=\"https:\/\/ccf.brussels\/\"><strong>https:\/\/ccf.brussels\/<\/strong><\/a>).<\/li>\n<li>La copie des derniers comptes annuels ann\u00e9e <strong>N-1<\/strong> d\u00e9pos\u00e9s \u00e0 la Banque Nationale de Belgique ou au Greffe du Tribunal de l\u2019Entreprise francophone de Bruxelles.<\/li>\n<li>Le relev\u00e9 d\u2019identit\u00e9 bancaire au nom de l\u2019asbl.<\/li>\n<li>La d\u00e9claration sur l\u2019honneur sign\u00e9e par le mandataire de l\u2019asbl (voir \u201cDocuments utiles\u201d sur le site de la CoCof\u00a0: <a href=\"https:\/\/ccf.brussels\/\"><strong>https:\/\/ccf.brussels\/<\/strong><\/a>).<\/li>\n<\/ul>\n<p><strong>Suivi de la demande et proc\u00e9dure de s\u00e9lection<\/strong><\/p>\n<p>Tant pour le volet g\u00e9n\u00e9ral que pour le volet local, les services du Coll\u00e8ge de la COCOF analysent la recevabilit\u00e9 de formulaires de demande de subvention.<br \/>\nDans les 15 jours ouvrables suivant la fin de l\u2019appel \u00e0 projets, les services du Coll\u00e8ge de la COCOF transmettent les dossiers recevables soit au jury, dans le cadre du volet g\u00e9n\u00e9ral, soit \u00e0 la coordination locale des communes \u00e9ligibles concern\u00e9es, dans le cadre du volet local.<\/p>\n<p>Le jury et la coordination locale transmettent la proposition de s\u00e9lection avant le 15 d\u00e9cembre de l\u2019ann\u00e9e de l\u2019appel, N-1.<\/p>\n<p>Le Coll\u00e8ge de la COCOF statue avant le 31 janvier de l\u2019ann\u00e9e N.<\/p>\n<p>Les d\u00e9cisions sont notifi\u00e9es par les services du Coll\u00e8ge de la COCOF dans les deux \u00e0 trois mois qui suivent.<\/p>\n<p><strong>Formalit\u00e9s \u00e0 respecter en cas d\u2019acceptation de la demande<\/strong><\/p>\n<p>Toute subvention octroy\u00e9e doit \u00eatre d\u00fbment justifi\u00e9e en fonction des pi\u00e8ces \u00e9ligibles inscrites de l\u2019arr\u00eat\u00e9 de subvention. Elles respecteront la p\u00e9riode de couverture de la subvention mentionn\u00e9e soit du 1er janvier au 31 d\u00e9cembre de l\u2019ann\u00e9e de subvention.<\/p>\n<p>Enfin, le dossier de justification devra r\u00e9pondre obligatoirement au respect de la l\u00e9gislation en vigueur relative aux march\u00e9s publics.<\/p>\n<p><strong>Instructions pour la pr\u00e9sentation des pi\u00e8ces justificatives des subventions octroy\u00e9es en coh\u00e9sion sociale<\/strong><\/p>\n<p>La pr\u00e9sentation du dossier\u00a0:<\/p>\n<ul>\n<li>Toute subvention doit \u00eatre d\u00fbment justifi\u00e9e en lien avec l\u2019activit\u00e9 subventionn\u00e9e\u00a0;<\/li>\n<li>Les pi\u00e8ces justificatives doivent respecter les prescrits de la notification, notamment : la date limite de remise des pi\u00e8ces justificative, la p\u00e9riode de couverture de la subvention, les frais et les pi\u00e8ces \u00e9ligibles.<\/li>\n<li>Seules des copies des pi\u00e8ces justificatives doivent \u00eatre fournies et sont obligatoirement accompagn\u00e9es d\u2019un tableau r\u00e9capitulatif des pi\u00e8ces justificatives, conforme au mod\u00e8le fourni par l\u2019Administration.<\/li>\n<li>Les pi\u00e8ces justificatives devront \u00eatre num\u00e9rot\u00e9es et class\u00e9es dans l\u2019ordre correspondant \u00e0 celui du relev\u00e9.<\/li>\n<\/ul>\n<p>Pour le volet g\u00e9n\u00e9ral, les pi\u00e8ces justificatives devront \u00eatre envoy\u00e9es par courrier \u00e9lectronique \u00e0\u00a0<a href=\"mailto:cohesionsociale@spfb.brussels\"><strong>cohesionsociale@spfb.brussels<\/strong><\/a>\u00a0ainsi qu\u2019une copie au contr\u00f4leur des justificatifs de r\u00e9f\u00e9rence pour le 31 janvier au plus tard suivant la p\u00e9riode de subvention.<\/p>\n<p><strong><u>Pour le volet local<\/u>, les pi\u00e8ces justificatives devront \u00eatre envoy\u00e9es par courrier \u00e9lectronique \u00e0 la coordination locale de r\u00e9f\u00e9rence pour les communes \u00e9ligibles du volet<\/strong>.<\/p>\n<p><u>La coordination locale se chargera de transmettre l\u2019ensemble des dossiers s\u00e9lectionn\u00e9s au service de la coh\u00e9sion sociale pour le 28 f\u00e9vrier au plus tard<\/u> \u00a0<a href=\"mailto:cohesionsociale@spfb.brussels\"><strong>cohesionsociale@spfb.brussels<\/strong><\/a>\u00a0ainsi qu\u2019une copie au contr\u00f4leur de justificatifs de r\u00e9f\u00e9rence.<\/p>\n<p>Les documents utiles sont \u00e0 t\u00e9l\u00e9charger sur les site de la CoCof*.<\/p>\n<p>Les appels \u00e0 projets Impulsion se d\u00e9roulent 1 fois par an. Ils sont lanc\u00e9s par la CoCof sur son site\u00a0: <a href=\"https:\/\/ccf.brussels\/\">https:\/\/ccf.brussels\/<\/a> (taper une recherche \u00ab\u00a0appel \u00e0 projet Impulsion\u00a0\u00bb)<\/p>\n<p>&nbsp;<\/p>\n","protected":false},"excerpt":{"rendered":"<p>Cadre de l\u2019appel \u00e0 projets\u00a0: Cet appel est lanc\u00e9 dans le cadre du D\u00e9cret du 30 novembre 2018 relatif \u00e0 la coh\u00e9sion sociale afin de financer des projets renfor\u00e7ant la coh\u00e9sion sociale. Ces projets viseront \u00e0 s\u2019inclure dans une d\u00e9marche novatrice ou dans l\u2019impulsion d\u2019actions nouvelles ou d\u2019outils nouveaux. Documents de r\u00e9f\u00e9rences\u00a0: D\u00e9cret relatif \u00e0 &hellip; <a href=\"https:\/\/www.jeunesseabruxelles.be\/site\/cohesion-sociale-fipi\/fipi\/\" class=\"more-link\">Continuer la lecture de <span class=\"screen-reader-text\">Volet local IMPULSION de la Ville de Bruxelles<\/span> <span class=\"meta-nav\">&rarr;<\/span><\/a><\/p>\n","protected":false},"author":5,"featured_media":726,"parent":87,"menu_order":0,"comment_status":"closed","ping_status":"closed","template":"page-templates\/full-width.php","meta":{"footnotes":""},"class_list":["post-92","page","type-page","status-publish","has-post-thumbnail","hentry"],"_links":{"self":[{"href":"https:\/\/www.jeunesseabruxelles.be\/site\/wp-json\/wp\/v2\/pages\/92","targetHints":{"allow":["GET"]}}],"collection":[{"href":"https:\/\/www.jeunesseabruxelles.be\/site\/wp-json\/wp\/v2\/pages"}],"about":[{"href":"https:\/\/www.jeunesseabruxelles.be\/site\/wp-json\/wp\/v2\/types\/page"}],"author":[{"embeddable":true,"href":"https:\/\/www.jeunesseabruxelles.be\/site\/wp-json\/wp\/v2\/users\/5"}],"replies":[{"embeddable":true,"href":"https:\/\/www.jeunesseabruxelles.be\/site\/wp-json\/wp\/v2\/comments?post=92"}],"version-history":[{"count":11,"href":"https:\/\/www.jeunesseabruxelles.be\/site\/wp-json\/wp\/v2\/pages\/92\/revisions"}],"predecessor-version":[{"id":5944,"href":"https:\/\/www.jeunesseabruxelles.be\/site\/wp-json\/wp\/v2\/pages\/92\/revisions\/5944"}],"up":[{"embeddable":true,"href":"https:\/\/www.jeunesseabruxelles.be\/site\/wp-json\/wp\/v2\/pages\/87"}],"wp:featuredmedia":[{"embeddable":true,"href":"https:\/\/www.jeunesseabruxelles.be\/site\/wp-json\/wp\/v2\/media\/726"}],"wp:attachment":[{"href":"https:\/\/www.jeunesseabruxelles.be\/site\/wp-json\/wp\/v2\/media?parent=92"}],"curies":[{"name":"wp","href":"https:\/\/api.w.org\/{rel}","templated":true}]}}

<p><strong><u>Cadre de l’appel à projets :</u></strong></p>
<p>Cet appel est lancé dans le cadre du Décret du 30 novembre 2018 relatif à la cohésion sociale afin de financer des projets renforçant la cohésion sociale. Ces projets viseront à s’inclure dans une démarche novatrice ou dans l’impulsion d’actions nouvelles ou d’outils nouveaux.</p>
<p>Documents de références :</p>
<ul>
<li>Décret relatif à la Cohésion Sociale :</li>
</ul>
<a href="https://www.jeunesseabruxelles.be/site" class="su-button su-button-style-flat su-button-wide" style="color:#ffffff;background-color:#90aeb4;border-color:#748c90;border-radius:5px" target="_self"><span style="color:#ffffff;padding:6px 18px;font-size:14px;line-height:21px;border-color:#b2c7cb;border-radius:5px;text-shadow:none"><i class="sui sui-arrow-down" style="font-size:14px;color:#FFFFFF"></i> Télécharger le décret de cohésion sociale du 30 novembre 2018 </span></a>
<ul>
<li>Arrêté :</li>
</ul>
<a href="https://www.jeunesseabruxelles.be/site" class="su-button su-button-style-flat su-button-wide" style="color:#ffffff;background-color:#90aeb4;border-color:#748c90;border-radius:5px" target="_self"><span style="color:#ffffff;padding:6px 18px;font-size:14px;line-height:21px;border-color:#b2c7cb;border-radius:5px;text-shadow:none"><i class="sui sui-arrow-down" style="font-size:14px;color:#FFFFFF"></i> Télécharger l&rsquo;arrêté d&rsquo;exécution du 20 juin 2019 </span></a>
<p><strong>Quelles sont les conditions d’éligibilité ?</strong></p>
<p><strong><u>Pour le volet local</u></strong> : les asbl mono-communautaires francophones dont le siège d’activités est situé dans une des 9 communes éligibles à savoir Anderlecht, Ville de Bruxelles, Etterbeek, Forest, Ixelles, Molenbeek-Saint-Jean, Saint-Gilles, Saint-Josse-Ten-Noode, Schaerbeek avec une attention particulière pour les quartiers prioritaires ( Cfr site Cocof* :  <a href="https://ccf.brussels/">https://ccf.brussels/ &#8211; </a>taper dans le moteur de recherche du site « appel à projet impulsion »).</p>
<p><strong>Pour la ville de Bruxelles : l’ensemble du territoire de la ville est concerné par la Cohésion Sociale. Les quartiers les plus prioritaires sont : </strong><strong>Quartier Cirque Royal, Quartier Haren, Quartier Laeken, Quartier Les squares, Quartier Marolles, Quartier Meyboom, Quartier NOH (Versailles – Val Maria – Bruyn), Quartier Nord, Quartier Senne.</strong></p>
<p>Si vous avez des questions concernant l’introduction d’une candidature dans le cadre du <strong><u>Volet local Impulsion de la Ville de Bruxelles</u></strong> : merci de prendre contact avec la coordination locale Cohésion Sociale/Impulsion de la Ville de Bruxelles : <a href="mailto:basma.benamar@brucity.be">basma.benamar@brucity.be</a> et/ou <a href="mailto:karim.bouhout@brucity.be">karim.bouhout@brucity.be</a> .</p>
<p>Pour le volet général : les asbl mono-communautaires francophones dont le siège d’activités est situé sur le territoire de la Région bruxelloise avec une attention particulière pour les quartiers prioritaires listés (à consulter sur le site de la CoCof : <a href="https://ccf.brussels/">https://ccf.brussels/</a>) lors de l’appel à projets à condition que le projet se déroule dans au moins 2 communes bruxelloises ou dans une des 10 communes non éligibles au volet local Impulsion; soit : Auderghem, Berchem-Sainte-Agathe, Evere, Ganshoren, Jette, Koekelberg, Uccle, Woluwe-Saint-Lambert, Woluwe-Saint-Pierre, Watermael-Boitsfort.</p>
<p>Vous introduisez une demande <strong>soit sur le volet local soit sur le volet général</strong>. En cas de doute, merci de contacter votre gestionnaire ( volet général) ou <strong>votre coordination locale (volet local) de référence (voir site de la Cocof* : </strong><a href="https://ccf.brussels/">https://ccf.brussels/</a><strong>).</strong></p>
<p><strong>Que soutient l’appel à projets Impulsion ?</strong></p>
<p>Les demandes introduites doivent soutenir les dynamiques locales favorisant la cohésion sociale, l’insertion sociale des personnes issues de l’immigration (avec une attention particulière pour les nouvelles migrations, les femmes, les jeunes et les personnes porteuses d’un handicap) et favorisant une meilleure cohabitation des communautés locales.</p>
<p><strong>Que couvre le subside Impulsion ?</strong></p>
<p>Des frais de fonctionnement et/ou de personnel.</p>
<p><strong>Pour quel montant ?</strong></p>
<p>Pour le volet général, un montant maximum de 20.000 € par an et par asbl.</p>
<p><strong>Quelle est la période couverte par ces subsides ?</strong></p>
<p>Entre le 1er janvier et le 31 décembre de l’année de subvention. Les pièces justificatives devront être remises pour le 31 janvier de l’année suivante au plus tard auprès de la coordination locale de la Ville de Bruxelles.</p>
<p><strong>Depuis 2024 :</strong> possibilité de financement pluriannuel sur 2 ou 3 ans à condition d’avoir obtenu un subside en Impulsion ( cfr le site de la Cocof pour ces conditions : <a href="https://ccf.brussels/"><strong>https://ccf.brussels/</strong></a>).</p>
<p>Un contrat-projet sera signé avec l’ASBL sélectionnée.</p>
<p><strong>Quand devez-vous envoyer votre demande de subvention ?</strong></p>
<p>Les formalités de délais d’introduction sont renseignés sur le site de la Cocof*.</p>
<p><strong>Que devez-vous transmettre ?</strong></p>
<p>Votre dossier devra comporter :</p>
<ul>
<li>Le questionnaire de demande de subvention complété (voir “Documents utiles” sur le site de la CoCof: <a href="https://ccf.brussels/"><strong>https://ccf.brussels/</strong></a>).</li>
<li>Le budget prévisionnel “Frais de fonctionnement” pour l’Impulsion volet local et général (voir “Documents utiles” sur le site de la CoCof : <a href="https://ccf.brussels/"><strong>https://ccf.brussels/</strong></a>).</li>
<li>La copie des derniers comptes annuels année <strong>N-1</strong> déposés à la Banque Nationale de Belgique ou au Greffe du Tribunal de l’Entreprise francophone de Bruxelles.</li>
<li>Le relevé d’identité bancaire au nom de l’asbl.</li>
<li>La déclaration sur l’honneur signée par le mandataire de l’asbl (voir “Documents utiles” sur le site de la CoCof : <a href="https://ccf.brussels/"><strong>https://ccf.brussels/</strong></a>).</li>
</ul>
<p><strong>Suivi de la demande et procédure de sélection</strong></p>
<p>Tant pour le volet général que pour le volet local, les services du Collège de la COCOF analysent la recevabilité de formulaires de demande de subvention.<br />
Dans les 15 jours ouvrables suivant la fin de l’appel à projets, les services du Collège de la COCOF transmettent les dossiers recevables soit au jury, dans le cadre du volet général, soit à la coordination locale des communes éligibles concernées, dans le cadre du volet local.</p>
<p>Le jury et la coordination locale transmettent la proposition de sélection avant le 15 décembre de l’année de l’appel, N-1.</p>
<p>Le Collège de la COCOF statue avant le 31 janvier de l’année N.</p>
<p>Les décisions sont notifiées par les services du Collège de la COCOF dans les deux à trois mois qui suivent.</p>
<p><strong>Formalités à respecter en cas d’acceptation de la demande</strong></p>
<p>Toute subvention octroyée doit être dûment justifiée en fonction des pièces éligibles inscrites de l’arrêté de subvention. Elles respecteront la période de couverture de la subvention mentionnée soit du 1er janvier au 31 décembre de l’année de subvention.</p>
<p>Enfin, le dossier de justification devra répondre obligatoirement au respect de la législation en vigueur relative aux marchés publics.</p>
<p><strong>Instructions pour la présentation des pièces justificatives des subventions octroyées en cohésion sociale</strong></p>
<p>La présentation du dossier :</p>
<ul>
<li>Toute subvention doit être dûment justifiée en lien avec l’activité subventionnée ;</li>
<li>Les pièces justificatives doivent respecter les prescrits de la notification, notamment : la date limite de remise des pièces justificative, la période de couverture de la subvention, les frais et les pièces éligibles.</li>
<li>Seules des copies des pièces justificatives doivent être fournies et sont obligatoirement accompagnées d’un tableau récapitulatif des pièces justificatives, conforme au modèle fourni par l’Administration.</li>
<li>Les pièces justificatives devront être numérotées et classées dans l’ordre correspondant à celui du relevé.</li>
</ul>
<p>Pour le volet général, les pièces justificatives devront être envoyées par courrier électronique à <a href="mailto:cohesionsociale@spfb.brussels"><strong>cohesionsociale@spfb.brussels</strong></a> ainsi qu’une copie au contrôleur des justificatifs de référence pour le 31 janvier au plus tard suivant la période de subvention.</p>
<p><strong><u>Pour le volet local</u>, les pièces justificatives devront être envoyées par courrier électronique à la coordination locale de référence pour les communes éligibles du volet</strong>.</p>
<p><u>La coordination locale se chargera de transmettre l’ensemble des dossiers sélectionnés au service de la cohésion sociale pour le 28 février au plus tard</u>  <a href="mailto:cohesionsociale@spfb.brussels"><strong>cohesionsociale@spfb.brussels</strong></a> ainsi qu’une copie au contrôleur de justificatifs de référence.</p>
<p>Les documents utiles sont à télécharger sur les site de la CoCof*.</p>
<p>Les appels à projets Impulsion se déroulent 1 fois par an. Ils sont lancés par la CoCof sur son site : <a href="https://ccf.brussels/">https://ccf.brussels/</a> (taper une recherche « appel à projet Impulsion »)</p>
<p>&nbsp;</p>

<p>Cadre de l’appel à projets : Cet appel est lancé dans le cadre du Décret du 30 novembre 2018 relatif à la cohésion sociale afin de financer des projets renforçant la cohésion sociale. Ces projets viseront à s’inclure dans une démarche novatrice ou dans l’impulsion d’actions nouvelles ou d’outils nouveaux. Documents de références : Décret relatif à &hellip; <a href="https://www.jeunesseabruxelles.be/site/cohesion-sociale-fipi/fipi/" class="more-link">Continuer la lecture de <span class="screen-reader-text">Volet local IMPULSION de la Ville de Bruxelles</span> <span class="meta-nav">&rarr;</span></a></p>
