{"id":862,"date":"2016-07-05T12:26:15","date_gmt":"2016-07-05T12:26:15","guid":{"rendered":"http:\/\/www.jeunesseabruxelles.be\/site\/?page_id=862"},"modified":"2026-01-13T14:21:31","modified_gmt":"2026-01-13T14:21:31","slug":"conditions-generales-inscriptions","status":"publish","type":"page","link":"https:\/\/www.jeunesseabruxelles.be\/site\/activites-de-vacances\/inscription-en-ligne\/conditions-generales-inscriptions\/","title":{"rendered":"Conditions g\u00e9n\u00e9rales d&#8217;inscription"},"content":{"rendered":"<p>STAGES<\/p>\n<a href=\"https:\/\/www.jeunesseabruxelles.be\/site\/wp-content\/uploads\/2026\/01\/05.ROI-PARENTS-STAGES-2025-AVEC-MODIFS.pdf\" class=\"su-button su-button-style-flat su-button-wide\" style=\"color:#ffffff;background-color:#90aeb4;border-color:#748c90;border-radius:5px\" target=\"_self\"><span style=\"color:#ffffff;padding:6px 18px;font-size:14px;line-height:21px;border-color:#b2c7cb;border-radius:5px;text-shadow:none\"><i class=\"sui sui-arrow-down\" style=\"font-size:14px;color:#FFFFFF\"><\/i> Conditions g\u00e9n\u00e9rales d&#8217;inscriptions aux stages &#8211; ROI Parents <\/span><\/a>\n<p>PLAINES<\/p>\n<a href=\"https:\/\/www.jeunesseabruxelles.be\/site\/wp-content\/uploads\/2026\/01\/ROI-PARENTS-PLAINES-2025_DEF-AVEC-MODIFS.pdf\" class=\"su-button su-button-style-flat su-button-wide\" style=\"color:#ffffff;background-color:#90aeb4;border-color:#748c90;border-radius:5px\" target=\"_self\"><span style=\"color:#ffffff;padding:6px 18px;font-size:14px;line-height:21px;border-color:#b2c7cb;border-radius:5px;text-shadow:none\"><i class=\"sui sui-arrow-down\" style=\"font-size:14px;color:#FFFFFF\"><\/i> Conditions g\u00e9n\u00e9rales d&#8217;inscriptions aux plaines &#8211; ROI Parents <\/span><\/a>\n<p>SEJOURS<\/p>\n<a href=\"https:\/\/www.jeunesseabruxelles.be\/site\/wp-content\/uploads\/2026\/01\/05.-ROI-PARENTS-SEJOURS-2025_OK-AVEC-MODIFS.pdf\" class=\"su-button su-button-style-flat su-button-wide\" style=\"color:#ffffff;background-color:#90aeb4;border-color:#748c90;border-radius:5px\" target=\"_self\"><span style=\"color:#ffffff;padding:6px 18px;font-size:14px;line-height:21px;border-color:#b2c7cb;border-radius:5px;text-shadow:none\"><i class=\"sui sui-arrow-down\" style=\"font-size:14px;color:#FFFFFF\"><\/i> Conditions g\u00e9n\u00e9rales d&#8217;inscriptions aux s\u00e9jours &#8211; ROI Parents <\/span><\/a>\n","protected":false},"excerpt":{"rendered":"<p>STAGES PLAINES SEJOURS<\/p>\n","protected":false},"author":5,"featured_media":0,"parent":72,"menu_order":0,"comment_status":"closed","ping_status":"closed","template":"","meta":{"footnotes":""},"class_list":["post-862","page","type-page","status-publish","hentry"],"_links":{"self":[{"href":"https:\/\/www.jeunesseabruxelles.be\/site\/wp-json\/wp\/v2\/pages\/862","targetHints":{"allow":["GET"]}}],"collection":[{"href":"https:\/\/www.jeunesseabruxelles.be\/site\/wp-json\/wp\/v2\/pages"}],"about":[{"href":"https:\/\/www.jeunesseabruxelles.be\/site\/wp-json\/wp\/v2\/types\/page"}],"author":[{"embeddable":true,"href":"https:\/\/www.jeunesseabruxelles.be\/site\/wp-json\/wp\/v2\/users\/5"}],"replies":[{"embeddable":true,"href":"https:\/\/www.jeunesseabruxelles.be\/site\/wp-json\/wp\/v2\/comments?post=862"}],"version-history":[{"count":5,"href":"https:\/\/www.jeunesseabruxelles.be\/site\/wp-json\/wp\/v2\/pages\/862\/revisions"}],"predecessor-version":[{"id":6319,"href":"https:\/\/www.jeunesseabruxelles.be\/site\/wp-json\/wp\/v2\/pages\/862\/revisions\/6319"}],"up":[{"embeddable":true,"href":"https:\/\/www.jeunesseabruxelles.be\/site\/wp-json\/wp\/v2\/pages\/72"}],"wp:attachment":[{"href":"https:\/\/www.jeunesseabruxelles.be\/site\/wp-json\/wp\/v2\/media?parent=862"}],"curies":[{"name":"wp","href":"https:\/\/api.w.org\/{rel}","templated":true}]}}