{"id":82,"date":"2014-07-08T14:04:06","date_gmt":"2014-07-08T14:04:06","guid":{"rendered":"http:\/\/jpbuse.be\/?page_id=82"},"modified":"2024-09-26T11:25:04","modified_gmt":"2024-09-26T11:25:04","slug":"pose-ton-cartable","status":"publish","type":"page","link":"https:\/\/www.jeunesseabruxelles.be\/site\/accueil-temps-libre\/pose-ton-cartable\/","title":{"rendered":"Recherche d&rsquo;Activit\u00e9s"},"content":{"rendered":"<p><span style=\"color: #999999;\"><em>Le site r\u00e9gional www.bruxellestempslibre.be vous permettra de trouver les activit\u00e9s extrascolaires organis\u00e9es dans les 19 communes de la r\u00e9gion, pendant l\u2019ann\u00e9e scolaire ou durant les vacances. <\/em><\/span><\/p>\n<p><span style=\"color: #999999;\"><em>Consultez-le :\u00a0<\/em><\/span><\/p>\n<p><a href=\"https:\/\/www.bruxellestempslibre.be\/\">https:\/\/www.bruxellestempslibre.be\/<\/a><\/p>\n<p><span style=\"color: #999999;\"><em>Vous pouvez aussi commander la brochure \u00ab\u00a0Pose ton cartable\u00a0\u00bb, petit guide qui reprend toutes les informations concernant les activit\u00e9s extrascolaires de la Ville de Bruxelles, en envoyant un mail \u00e0 atl(at)brucity.be.\u00a0 La brochure 2023 est disponible.<\/em><\/span><\/p>\n\n\n<p><\/p>\n","protected":false},"excerpt":{"rendered":"<p>Le site r\u00e9gional www.bruxellestempslibre.be vous permettra de trouver les activit\u00e9s extrascolaires organis\u00e9es dans les 19 communes de la r\u00e9gion, pendant l\u2019ann\u00e9e scolaire ou durant les vacances. Consultez-le :\u00a0 https:\/\/www.bruxellestempslibre.be\/ Vous pouvez aussi commander la brochure \u00ab\u00a0Pose ton cartable\u00a0\u00bb, petit guide qui reprend toutes les informations concernant les activit\u00e9s extrascolaires de la Ville de Bruxelles, en &hellip; <a href=\"https:\/\/www.jeunesseabruxelles.be\/site\/accueil-temps-libre\/pose-ton-cartable\/\" class=\"more-link\">Continuer la lecture de <span class=\"screen-reader-text\">Recherche d&rsquo;Activit\u00e9s<\/span> <span class=\"meta-nav\">&rarr;<\/span><\/a><\/p>\n","protected":false},"author":5,"featured_media":725,"parent":201,"menu_order":0,"comment_status":"closed","ping_status":"open","template":"","meta":{"footnotes":""},"class_list":["post-82","page","type-page","status-publish","has-post-thumbnail","hentry"],"_links":{"self":[{"href":"https:\/\/www.jeunesseabruxelles.be\/site\/wp-json\/wp\/v2\/pages\/82","targetHints":{"allow":["GET"]}}],"collection":[{"href":"https:\/\/www.jeunesseabruxelles.be\/site\/wp-json\/wp\/v2\/pages"}],"about":[{"href":"https:\/\/www.jeunesseabruxelles.be\/site\/wp-json\/wp\/v2\/types\/page"}],"author":[{"embeddable":true,"href":"https:\/\/www.jeunesseabruxelles.be\/site\/wp-json\/wp\/v2\/users\/5"}],"replies":[{"embeddable":true,"href":"https:\/\/www.jeunesseabruxelles.be\/site\/wp-json\/wp\/v2\/comments?post=82"}],"version-history":[{"count":19,"href":"https:\/\/www.jeunesseabruxelles.be\/site\/wp-json\/wp\/v2\/pages\/82\/revisions"}],"predecessor-version":[{"id":5204,"href":"https:\/\/www.jeunesseabruxelles.be\/site\/wp-json\/wp\/v2\/pages\/82\/revisions\/5204"}],"up":[{"embeddable":true,"href":"https:\/\/www.jeunesseabruxelles.be\/site\/wp-json\/wp\/v2\/pages\/201"}],"wp:featuredmedia":[{"embeddable":true,"href":"https:\/\/www.jeunesseabruxelles.be\/site\/wp-json\/wp\/v2\/media\/725"}],"wp:attachment":[{"href":"https:\/\/www.jeunesseabruxelles.be\/site\/wp-json\/wp\/v2\/media?parent=82"}],"curies":[{"name":"wp","href":"https:\/\/api.w.org\/{rel}","templated":true}]}}