{"id":70,"date":"2014-07-08T13:52:07","date_gmt":"2014-07-08T13:52:07","guid":{"rendered":"http:\/\/jpbuse.be\/?page_id=70"},"modified":"2026-03-13T07:47:39","modified_gmt":"2026-03-13T07:47:39","slug":"stages","status":"publish","type":"page","link":"https:\/\/www.jeunesseabruxelles.be\/site\/activites-de-vacances\/stages\/","title":{"rendered":"Stages"},"content":{"rendered":"<p>Les Stages accueillent vos enfants <strong>pendant une semaine<\/strong>, du lundi au vendredi. Autour d\u2019<strong>un th\u00e8me<\/strong>, les enfants d\u00e9couvrent de nouvelles disciplines dans un cadre chaleureux et <strong>ludique<\/strong> o\u00f9 place est laiss\u00e9e \u00e0 la <strong>cr\u00e9ativit\u00e9<\/strong> et \u00e0 l\u2019\u00e9panouissement, le tout entrecoup\u00e9 de moments de pure <strong>d\u00e9tente<\/strong>. Animateurs et enfants portent ensemble un projet tout au long de la semaine. Le dernier jour du stage est souvent l\u2019occasion de pr\u00e9senter le travail effectu\u00e9 par les enfants aux parents \u00e0 travers un spectacle ou une exposition. Lors de certains stages, les enfants auront la possibilit\u00e9 de partir en excursion.<\/p>\n<p>Les stages sont des lieux d\u2019apprentissage de la <strong>vie en groupe<\/strong> : le respect de l\u2019autre, le partage, la collaboration et l\u2019expression, l\u2019autonomie de chacun, y compris des plus petits, la prise et le partage des responsabilit\u00e9s en groupe sont particuli\u00e8rement valoris\u00e9s.<br \/><br \/>STAGES Printemps 2026:\u00a0<br \/>&#8220;Les gardien.nes du ciel color\u00e9&#8221; 3 \u00e0 5 ans \u00e0 Adolphe Max<br \/>&#8220;A hauteur de fourmi&#8221; 3 \u00e0 5 ans au Box120<br \/>&#8220;Les milles sonorit\u00e9s&#8221; 3 \u00e0 5 ans \u00e0 Ecclusier Cogge <strong>COMPLET<br \/><\/strong>&#8220;Les chemin\u00e9es de f\u00e9es de Cappadoce&#8221; 3 \u00e0 5 ans \u00e0 Catteau Aurore<br \/>&#8220;Le jeu des couleurs d&#8217;herv\u00e9 Tullet&#8221; 3 \u00e0 5 ans \u00e0 l&#8217;\u00e9cole Marolle<br \/>&#8220;Voyage \u00e0 l&#8217;ile de la R\u00e9union&#8221; 3 \u00e0 5 ans \u00e0 Hembeek<br \/>&#8220;Entrainement des H\u00e9ro.\u00efne.s!&#8221; 6 \u00e0 9 ans \u00e0 Tour \u00e0 Plomb<br \/>&#8220;Les savant.es de la nature&#8221; 6 \u00e0 9 ans \u00e0 Maison de la Cr\u00e9ation<br \/>&#8220;Les designers de l&#8217;Antiquit\u00e9&#8221; 8 \u00e0 12 ans au Design Museum<br \/>&#8220;Omnisports et d\u00e9couvertes sportives&#8221; 6 \u00e0 12 ans au P\u00f4le Nord\u00a0<strong>COMPLET<\/strong><\/p>\n<a href=\"https:\/\/www.jeunesseabruxelles.be\/site\/wp-content\/uploads\/2026\/01\/Programme-CARN-PRT-2026-FINAL-STAGES-1.pdf\" class=\"su-button su-button-style-default su-button-wide\" style=\"color:#ffffff;background-color:#2D89EF;border-color:#246ec0;border-radius:5px\" target=\"_self\"><span style=\"color:#ffffff;padding:6px 18px;font-size:14px;line-height:21px;border-color:#6cadf4;border-radius:5px;text-shadow:none\"><i class=\"sui sui-arrow-down\" style=\"font-size:14px;color:#FFFFFF\"><\/i> T\u00e9l\u00e9charger \u2022 <strong>PROGRAMME<\/strong> des Stages de Carnaval &amp; Printemps 2026<\/span><\/a>\n<a href=\"https:\/\/www.jeunesseabruxelles.be\/site\/inscription-a-un-stage-ou-un-sejour-printemps-2024\/\" class=\"su-button su-button-style-flat su-button-wide\" style=\"color:#ffffff;background-color:#90aeb4;border-color:#748c90;border-radius:5px\" target=\"_self\"><span style=\"color:#ffffff;padding:6px 18px;font-size:14px;line-height:21px;border-color:#b2c7cb;border-radius:5px;text-shadow:none\"><i class=\"sui sui-arrow-right\" style=\"font-size:14px;color:#FFFFFF\"><\/i> Inscription <strong>EN LIGNE<\/strong><\/span><\/a>\n<a href=\"https:\/\/www.jeunesseabruxelles.be\/site\/wp-content\/uploads\/2026\/01\/Bulletins-inscriptions-Stages-Sejours-CARN-PRIN-26.pdf\" class=\"su-button su-button-style-default su-button-wide\" style=\"color:#ffffff;background-color:#90aeb4;border-color:#748c90;border-radius:5px\" target=\"_self\"><span style=\"color:#ffffff;padding:6px 18px;font-size:14px;line-height:21px;border-color:#b2c7cb;border-radius:5px;text-shadow:none\"><i class=\"sui sui-arrow-down\" style=\"font-size:14px;color:#FFFFFF\"><\/i> T\u00e9l\u00e9charger \u2022 <strong>INSCRIPTION<\/strong> Stages Printemps 2026<\/span><\/a>\n<div class=\"su-accordion su-u-trim\">\n<div class=\"su-spoiler su-spoiler-style-default su-spoiler-icon-plus su-spoiler-closed\" data-scroll-offset=\"0\" data-anchor-in-url=\"no\"><div class=\"su-spoiler-title\" tabindex=\"0\" role=\"button\"><span class=\"su-spoiler-icon\"><\/span><strong>Comment s'inscrire<\/strong> <strong>?<\/strong><\/div><div class=\"su-spoiler-content su-u-clearfix su-u-trim\">\n<p>Les stages sont accessibles aux enfants \u00e2g\u00e9s entre 3 et 12 ans (enfants propres et scolaris\u00e9s en maternelle et en primaire) qui satisfont \u00e0 au moins <u>une<\/u>\u00a0des conditions suivantes\u00a0:<\/p>\n<ul>\n<li>\u00eatre domicili\u00e9 sur le territoire de la Ville de Bruxelles (codes postaux : 1000 Bruxelles \u2013 1020 Laeken \u2013 1120 Neder-Over-Heembeek \u2013 1130 Haren)<\/li>\n<li>fr\u00e9quenter une \u00e9cole situ\u00e9e sur ce m\u00eame territoire communal (une preuve d\u2019inscription et de fr\u00e9quentation de l\u2019\u00e9cole est n\u00e9cessaire)<\/li>\n<li>avoir un parent membre du personnel communal de la Ville de Bruxelles<\/li>\n<\/ul>\n<ol>\n<li>Compl\u00e9tez le formulaire d\u2019inscription en ligne\u00a0<strong>OU<\/strong>\u00a0t\u00e9l\u00e9chargez le bulletin d\u2019inscription.<\/li>\n<\/ol>\n<a href=\"https:\/\/www.jeunesseabruxelles.be\/site\/activites-de-vacances\/inscription-en-ligne\/\" class=\"su-button su-button-style-flat su-button-wide\" style=\"color:#ffffff;background-color:#90aeb4;border-color:#748c90;border-radius:5px\" target=\"_self\"><span style=\"color:#ffffff;padding:6px 18px;font-size:14px;line-height:21px;border-color:#b2c7cb;border-radius:5px;text-shadow:none\"><i class=\"sui sui-arrow-right\" style=\"font-size:14px;color:#FFFFFF\"><\/i> Inscription en ligne<\/span><\/a>\n<ol start=\"2\">\n<li>Un dossier de confirmation sera envoy\u00e9 \u00e0 chaque participant. Vous y trouverez un bulletin de virement pour effectuer le paiement ainsi qu\u2019une <u>fiche sant\u00e9<\/u> et une <u>autorisation parentale<\/u>. Ces documents doivent \u00eatre compl\u00e9t\u00e9s et remis le premier jour \u00e0 la personne en charge de l\u2019accueil du stage.<\/li>\n<li>Les enfants qui n\u00e9cessitent une attention m\u00e9dicale particuli\u00e8re (allergie, diab\u00e8te, \u00e9pilepsie, maladie chronique,\u2026) doivent obtenir un accord pr\u00e9alable \u00e9crit du Secr\u00e9tariat des Activit\u00e9s de Vacances. Tout traitement m\u00e9dical devra obligatoirement \u00eatre accompagn\u00e9 d\u2019une attestation m\u00e9dicale valable ainsi que de la posologie et de la dur\u00e9e du traitement.<\/li>\n<\/ol>\n<\/div><\/div><div class=\"su-spoiler su-spoiler-style-default su-spoiler-icon-plus su-spoiler-closed\" data-scroll-offset=\"0\" data-anchor-in-url=\"no\"><div class=\"su-spoiler-title\" tabindex=\"0\" role=\"button\"><span class=\"su-spoiler-icon\"><\/span><strong>Quels Horaires ?<\/strong><\/div><div class=\"su-spoiler-content su-u-clearfix su-u-trim\">\n<p>8h \u00e0 9h : accueil des enfants<br \/>9h \u00e0 11h30\/12h : activit\u00e9s + collation<br \/>11h30\/12h \u00e0 13h\/13h30 : d\u00e9jeuner<br \/>13h\/13h30 \u00e0 14h : jeux \/ temps libre \/ sieste<br \/>14h \u00e0 16h : activit\u00e9s + collation<br \/>16h \u00e0 17h30 : accueil du soir des enfants<br \/><\/div><\/div><div class=\"su-spoiler su-spoiler-style-default su-spoiler-icon-plus su-spoiler-closed\" data-scroll-offset=\"0\" data-anchor-in-url=\"no\"><div class=\"su-spoiler-title\" tabindex=\"0\" role=\"button\"><span class=\"su-spoiler-icon\"><\/span><strong>Quels Tarifs ?<\/strong><\/div><div class=\"su-spoiler-content su-u-clearfix su-u-trim\">\n<h3><strong><span style=\"color: #a5253e;\">Tarif\u00a0 plein :<\/span><\/strong><\/h3>\n<p><strong>80 \u20ac<\/strong><\/p>\n<h3><strong><span style=\"color: #a5253e;\">Tarif pr\u00e9f\u00e9rentiel :<\/span><\/strong><\/h3>\n<p><strong>20 \u20ac<\/strong><br \/>Il est r\u00e9serv\u00e9 aux parents habitants de la Ville de Bruxelles (codes postaux 1000, 1020, 1120, 1130) ou membres du personnel communal.<\/p>\n<h3><span style=\"color: #a5253e;\"><strong>Tarif social :<\/strong><\/span><\/h3>\n<p><strong>5 \u20ac<\/strong> <br \/>&gt; Il est octroy\u00e9 uniquement aux habitant\u00b7e\u00b7s de la Ville de Bruxelles (1000, 1020, 1120, 1130) qui ont un faible revenu, sur demande \u00e9crite pr\u00e9alable accompagn\u00e9e d\u2019une composition de m\u00e9nage r\u00e9cente ainsi que :<\/p>\n<ul>\n<li>d\u2019une attestation de prise en charge du CPAS de Bruxelles<br \/>OU<\/li>\n<li>d\u2019une preuve de revenus (ch\u00f4mage, mutuelle, salaire) des trois derniers mois.<\/li>\n<\/ul>\n<p>&gt; Le tarif social est octroy\u00e9 par ann\u00e9e scolaire, du 1er septembre au 31 ao\u00fbt et doit donc \u00eatre renouvel\u00e9 chaque ann\u00e9e. La demande doit nous parvenir, au plus tard, un mois avant le d\u00e9but des activit\u00e9s. Le tarif pr\u00e9f\u00e9rentiel reste d\u2019application tant que le tarif social n\u2019a pas \u00e9t\u00e9 accord\u00e9.<\/p>\n<p>&gt; La demande doit \u00eatre adress\u00e9e \u00e0 Mme Faouzia HARICHE, \u00c9chevine de la Jeunesse \u2013 Secr\u00e9tariat des activit\u00e9s de vacances &#8211; Jeunesse \u00e0 Bruxelles asbl &#8211; Av. de l\u2019H\u00e9liport, 56 \u00e0 1000 Bruxelles. Il est octroy\u00e9 par ann\u00e9e scolaire, du 1er septembre au 31 ao\u00fbt et doit donc \u00eatre renouvel\u00e9 chaque ann\u00e9e.<\/p>\n<\/div><\/div><div class=\"su-spoiler su-spoiler-style-default su-spoiler-icon-plus su-spoiler-closed\" data-scroll-offset=\"0\" data-anchor-in-url=\"no\"><div class=\"su-spoiler-title\" tabindex=\"0\" role=\"button\"><span class=\"su-spoiler-icon\"><\/span><strong>Comment Payer ?   \u20ac <\/strong><\/div><div class=\"su-spoiler-content su-u-clearfix su-u-trim\">\n<ul>\n<li>Le paiement s\u2019effectue par <strong>VIREMENT bancaire :<\/strong>\u00a0<br \/>\u00e0 l\u2019aide du <strong>bulletin de virement<\/strong> (<em>au nom de l&#8217;enfant<\/em>) <span style=\"text-decoration: underline;\">joint dans<\/span> le <strong>MAIL <\/strong>de confirmation de l&#8217;inscription re\u00e7u.<\/li>\n<li>Le compte bancaire de Jeunesse \u00e0 Bruxelles est indiqu\u00e9 en bas de la 1\u00e8re page.<\/li>\n<li>COMMUNICATION bancaire \u00e0 indiquer = <strong>les 5 derniers chiffres<\/strong> en bas de la 1\u00e8re page du bulletin d&#8217;inscription (= votre Code Famille).<br \/><\/div><\/div><\/li>\n<\/ul>\n<div class=\"su-spoiler su-spoiler-style-default su-spoiler-icon-plus su-spoiler-closed\" data-scroll-offset=\"0\" data-anchor-in-url=\"no\"><div class=\"su-spoiler-title\" tabindex=\"0\" role=\"button\"><span class=\"su-spoiler-icon\"><\/span><strong>Comment Annuler ?<\/strong><\/div><div class=\"su-spoiler-content su-u-clearfix su-u-trim\">\n<p style=\"text-align: justify; background: white; vertical-align: baseline;\"><span style=\"font-family: 'Lato',sans-serif; color: #2b2b2b;\">D\u00e8s l\u2019instant o\u00f9 vous ne souhaitez plus maintenir votre inscription, il est imp\u00e9ratif de le faire savoir <span style=\"color: #ff0000;\"><b>par \u00e9crit <\/b><\/span>au secr\u00e9tariat des activit\u00e9s de vacances <b>minimum <span style=\"color: #ff0000;\">5 jours<\/span><\/b> <b><span style=\"color: #ff0000;\">ouvrables<\/span> avant la date du d\u00e9but de l\u2019activit\u00e9<\/b>, que le paiement ait ou non \u00e9t\u00e9 effectu\u00e9, que l\u2019inscription ait ou non \u00e9t\u00e9 confirm\u00e9e. Dans ce cas, aucun frais ne vous seront r\u00e9clam\u00e9s.<\/span><\/p>\n<p style=\"text-align: justify; background: white; vertical-align: baseline;\"><span style=\"font-family: 'Lato',sans-serif; color: #2b2b2b;\"><span style=\"color: #ff0000;\">Dans le cas contraire*, des frais vous seront factur\u00e9s<\/span> pour cette semaine (160\u20ac pour le tarif plein, 40\u20ac pour le tarif pr\u00e9f\u00e9rentiel ou 10\u20ac pour le tarif social). Par ailleurs, l\u2019\u00e9ventuelle inscription aux semaines suivantes ou \u00e0 d\u2019autres activit\u00e9s (plaines-s\u00e9jours) sera automatiquement annul\u00e9e.<\/span><\/p>\n<p style=\"text-align: justify; background: white; vertical-align: baseline;\"><span style=\"font-family: 'Lato',sans-serif; color: #2b2b2b;\">Pour rappel, le co\u00fbt moyen r\u00e9el d\u2019un stage est de 350\u20ac par enfant. L\u2019engagement de moniteur\u00b7trice\u00b7s, le mat\u00e9riel, les excursions,&#8230; \u00e9tant faits sur base du nombre d\u2019inscriptions, dans un souci de bonne gestion, nous insistons sur la n\u00e9cessit\u00e9 de pr\u00e9venir au plus t\u00f4t en cas d\u2019annulation afin que nous puissions nous adapter.<\/span><\/p>\n<p style=\"text-align: justify; background: white; vertical-align: baseline;\"><i><span style=\"font-family: 'Lato',sans-serif; color: #2b2b2b;\">*sauf sur pr\u00e9sentation d\u2019un certificat m\u00e9dical de l\u2019enfant au Secr\u00e9tariat des activit\u00e9s de vacances.<\/span><\/i><\/p>\n<\/div><\/div>\n<div class=\"su-spoiler su-spoiler-style-default su-spoiler-icon-plus su-spoiler-closed\" data-scroll-offset=\"0\" data-anchor-in-url=\"no\"><div class=\"su-spoiler-title\" tabindex=\"0\" role=\"button\"><span class=\"su-spoiler-icon\"><\/span><strong>Autres Questions<\/strong><\/div><div class=\"su-spoiler-content su-u-clearfix su-u-trim\">\n<p><strong><em>\u2666 Que comprend le tarif ?<\/em><\/strong><\/p>\n<ul>\n<li>La participation \u00e0 toutes les activit\u00e9s et excursions pr\u00e9vues pendant la semaine;<\/li>\n<li>un go\u00fbter \u00e0 16 h 00 ainsi que des rafra\u00eechissements.<\/li>\n<\/ul>\n<p><strong><em>\u2666 Dois-je pr\u00e9voir un <span style=\"color: #3366ff;\">repas<\/span> pour mon enfant ?<\/em><\/strong><\/p>\n<p>Pour les repas, les enfants doivent apporter leur repas tartine et une collation. Soucieux de l&#8217;environnement, nous sollicitons votre collaboration pour r\u00e9duire les d\u00e9chets : pr\u00e9f\u00e9rez les bo\u00eetes \u00e0 tartines et gourdes. \u00c9vitez les berlingots, canettes et le papier aluminium &#8230; Merci !<\/p>\n<p><strong><em>\u2666 Quel <span style=\"color: #3366ff;\">mat\u00e9riel\u00a0<\/span>ou <span style=\"color: #3366ff;\">effets personnel<\/span>s dois-je pr\u00e9voir pour mon enfant ?<\/em><\/strong><\/p>\n<p>Nous vous sugg\u00e9rons d&#8217;\u00e9tiqueter tous les objets et v\u00eatements de vos enfants. En cas de perte, vous pouvez vous adresser au Secr\u00e9tariat des activit\u00e9s de vacances.<\/p>\n<p>Les t\u00e9l\u00e9phones portables et autres objets \u00e9lectroniques sont d\u00e9conseill\u00e9s pendant les stages. Les enfants n&#8217;ont pas besoin d&#8217;argent de poche.<\/p>\n<p>Les organisateurs ne seront pas tenus pour responsables en cas de perte ou de vol.<\/p>\n<p>Pour les enfants de 3 \u00e0 6 ans (parfois plus), pr\u00e9voyez des v\u00eatements de rechange.<\/p>\n<p><strong><em>\u2666 Comment <span style=\"color: #3366ff;\">contacter mon enfant<\/span> pendant\u00a0un stage\u00a0?<\/em><br \/><\/strong><\/p>\n<p>Durant les activit\u00e9s, nous n\u2019assurons aucune permanence t\u00e9l\u00e9phonique sur le lieu de\u00a0stage des enfants et ce afin d\u2019assurer une r\u00e9elle immersion des enfants. En cas d\u2019urgence ou demande sp\u00e9cifique, vous pouvez bien entendu contacter le secr\u00e9tariat des activit\u00e9s de vacances pour recevoir les informations utiles.<\/p>\n<p><strong><em>\u2666 Mon enfant doit prendre des <span style=\"color: #3366ff;\">m\u00e9dicaments<\/span>, comment faire ?<\/em><br \/><\/strong><\/p>\n<p>En cas de prise de m\u00e9dicament pour un enfant, il est imp\u00e9ratif de pr\u00e9parer <u>l\u2019ordonnance du m\u00e9decin<\/u> traitant sur laquelle est indiqu\u00e9e la posologie du m\u00e9dicament en question. Sans ce document, les moniteurs ne sont pas autoris\u00e9s \u00e0 administrer le m\u00e9dicament en question.<\/p>\n<p><strong><em>\u2666 Que faut-il <span style=\"color: #3366ff;\">pr\u00e9parer\u00a0pour le premier jour<\/span> de stage ?<\/em><br \/><\/strong><\/p>\n<p>Le premier jour de stage, doivent nous \u00eatre transmises :<\/p>\n<ul>\n<li>une vignette mutuelle ;<\/li>\n<li>la fiche sant\u00e9 compl\u00e9t\u00e9 ;<\/li>\n<li>l&#8217; autorisation parentale compl\u00e9t\u00e9 ;<\/li>\n<li>son repas et sa collation de 10 h 00.<\/li>\n<\/ul>\n<p>\u00c9ventuellement, l&#8217;ordonnance du m\u00e9decin si L&#8217;Enfant prend des m\u00e9dicaments<\/p>\n<p><strong><em>\u2666 Mon enfant est <span style=\"color: #3366ff;\">trop jeune\/\u00e2g\u00e9<\/span> pour les activit\u00e9s, puis-je l\u2019inscrire malgr\u00e9 tout ?<\/em><br \/><\/strong><\/p>\n<p>Nous ne pouvons malheureusement garantir aucune inscription pour un enfant trop jeune\/\u00e2g\u00e9 pour la tranche d\u2019\u00e2ge communiqu\u00e9e.<\/p>\n<\/div><\/div>_____________________________________<\/p>\n<div class=\"su-spoiler su-spoiler-style-default su-spoiler-icon-plus su-spoiler-closed\" data-scroll-offset=\"0\" data-anchor-in-url=\"no\"><div class=\"su-spoiler-title\" tabindex=\"0\" role=\"button\"><span class=\"su-spoiler-icon\"><\/span><strong>Projet P\u00e9dagogique Stage<\/strong><\/div><div class=\"su-spoiler-content su-u-clearfix su-u-trim\">Le Projet P\u00e9dagogique est <span style=\"color: #808080;\"><em>t\u00e9l\u00e9chargeable<\/em> <strong><span style=\"color: #339966;\">&gt;<\/span><\/strong><\/span><span style=\"color: #339966;\"> <span style=\"text-decoration: underline;\"><a style=\"color: #339966; text-decoration: underline;\" href=\"https:\/\/www.jeunesseabruxelles.be\/site\/wp-content\/uploads\/2026\/01\/PROJET-PEDAGO-STAGES-2025-avec-ME-AVEC-MODIFS.pdf\"><strong>ICI<\/strong><\/a><\/span><a style=\"color: #339966;\" href=\"https:\/\/www.jeunesseabruxelles.be\/site\/wp-content\/uploads\/2025\/01\/04.-PROJET-PEDAGO-STAGES-2022.pdf\"><strong> &lt;<\/strong><\/a><\/span><\/p>\n<\/div><\/div>\n<div class=\"su-spoiler su-spoiler-style-default su-spoiler-icon-plus su-spoiler-closed\" data-scroll-offset=\"0\" data-anchor-in-url=\"no\"><div class=\"su-spoiler-title\" tabindex=\"0\" role=\"button\"><span class=\"su-spoiler-icon\"><\/span>R\u00e8glement d'Ordre Int\u00e9rieur<\/div><div class=\"su-spoiler-content su-u-clearfix su-u-trim\">\n<p>Le R\u00e8glement d&#8217;Ordre Int\u00e9rieur \u00e0 destination des parents est t\u00e9l\u00e9chargeable <span style=\"text-decoration: underline;\"><strong><a href=\"https:\/\/www.jeunesseabruxelles.be\/site\/wp-content\/uploads\/2026\/01\/05.ROI-PARENTS-STAGES-2025-AVEC-MODIFS.pdf\">ici<\/a><\/strong><\/span>.\u00a0<\/p>\n<\/div><\/div>\n<p><span style=\"line-height: 1.5;\"><\/div><\/span><\/p>\n\n\n<p><\/p>\n","protected":false},"excerpt":{"rendered":"<p>Les Stages accueillent vos enfants pendant une semaine, du lundi au vendredi. Autour d\u2019un th\u00e8me, les enfants d\u00e9couvrent de nouvelles disciplines dans un cadre chaleureux et ludique o\u00f9 place est laiss\u00e9e \u00e0 la cr\u00e9ativit\u00e9 et \u00e0 l\u2019\u00e9panouissement, le tout entrecoup\u00e9 de moments de pure d\u00e9tente. Animateurs et enfants portent ensemble un projet tout au long &hellip; <a href=\"https:\/\/www.jeunesseabruxelles.be\/site\/activites-de-vacances\/stages\/\" class=\"more-link\">Continuer la lecture de <span class=\"screen-reader-text\">Stages<\/span> <span class=\"meta-nav\">&rarr;<\/span><\/a><\/p>\n","protected":false},"author":5,"featured_media":718,"parent":62,"menu_order":0,"comment_status":"closed","ping_status":"open","template":"page-templates\/full-width.php","meta":{"footnotes":""},"class_list":["post-70","page","type-page","status-publish","has-post-thumbnail","hentry"],"_links":{"self":[{"href":"https:\/\/www.jeunesseabruxelles.be\/site\/wp-json\/wp\/v2\/pages\/70","targetHints":{"allow":["GET"]}}],"collection":[{"href":"https:\/\/www.jeunesseabruxelles.be\/site\/wp-json\/wp\/v2\/pages"}],"about":[{"href":"https:\/\/www.jeunesseabruxelles.be\/site\/wp-json\/wp\/v2\/types\/page"}],"author":[{"embeddable":true,"href":"https:\/\/www.jeunesseabruxelles.be\/site\/wp-json\/wp\/v2\/users\/5"}],"replies":[{"embeddable":true,"href":"https:\/\/www.jeunesseabruxelles.be\/site\/wp-json\/wp\/v2\/comments?post=70"}],"version-history":[{"count":479,"href":"https:\/\/www.jeunesseabruxelles.be\/site\/wp-json\/wp\/v2\/pages\/70\/revisions"}],"predecessor-version":[{"id":6428,"href":"https:\/\/www.jeunesseabruxelles.be\/site\/wp-json\/wp\/v2\/pages\/70\/revisions\/6428"}],"up":[{"embeddable":true,"href":"https:\/\/www.jeunesseabruxelles.be\/site\/wp-json\/wp\/v2\/pages\/62"}],"wp:featuredmedia":[{"embeddable":true,"href":"https:\/\/www.jeunesseabruxelles.be\/site\/wp-json\/wp\/v2\/media\/718"}],"wp:attachment":[{"href":"https:\/\/www.jeunesseabruxelles.be\/site\/wp-json\/wp\/v2\/media?parent=70"}],"curies":[{"name":"wp","href":"https:\/\/api.w.org\/{rel}","templated":true}]}}