{"id":43,"date":"2014-07-08T13:41:21","date_gmt":"2014-07-08T13:41:21","guid":{"rendered":"http:\/\/jpbuse.be\/?page_id=43"},"modified":"2025-06-06T13:01:17","modified_gmt":"2025-06-06T13:01:17","slug":"rapports-activites","status":"publish","type":"page","link":"https:\/\/www.jeunesseabruxelles.be\/site\/qui-sommes-nous\/rapports-activites\/","title":{"rendered":"Rapports d&rsquo;activit\u00e9s"},"content":{"rendered":"<p>Approuv\u00e9s chaque ann\u00e9e par l\u2019Assembl\u00e9e G\u00e9n\u00e9rale, \u00a0les rapports d\u2019activit\u00e9s pr\u00e9sentent de mani\u00e8re synth\u00e9tique les travaux de l\u2019ann\u00e9e \u00e9coul\u00e9e.<\/p>\n<a href=\"https:\/\/www.jeunesseabruxelles.be\/site\/wp-content\/uploads\/2025\/06\/Rapport-activites-2024_version-finale_compresse.pdf\" class=\"su-button su-button-style-flat su-button-wide\" style=\"color:#fff;background-color:#981b31;border-color:#7a1628;border-radius:5px\" target=\"_self\"><span style=\"color:#fff;padding:6px 18px;font-size:14px;line-height:21px;border-color:#b7606f;border-radius:5px;text-shadow:none\"><i class=\"sui sui-arrow-down\" style=\"font-size:14px;color:#FFFFFF\"><\/i> T\u00e9l\u00e9charger Rapport d\u2019activit\u00e9s 2024<\/span><\/a>\n<a href=\"https:\/\/www.jeunesseabruxelles.be\/site\/wp-content\/uploads\/2025\/01\/Rapport-activites-2023_compresse.pdf\" class=\"su-button su-button-style-flat su-button-wide\" style=\"color:#fff;background-color:#981b31;border-color:#7a1628;border-radius:5px\" target=\"_self\"><span style=\"color:#fff;padding:6px 18px;font-size:14px;line-height:21px;border-color:#b7606f;border-radius:5px;text-shadow:none\"><i class=\"sui sui-arrow-down\" style=\"font-size:14px;color:#FFFFFF\"><\/i> T\u00e9l\u00e9charger Rapport d\u2019activit\u00e9s 2023<\/span><\/a>\n<a href=\"https:\/\/www.jeunesseabruxelles.be\/site\/wp-content\/uploads\/2025\/01\/Rapport-activites-2022_final_compressed.pdf\" class=\"su-button su-button-style-flat su-button-wide\" style=\"color:#fff;background-color:#981b31;border-color:#7a1628;border-radius:5px\" target=\"_self\"><span style=\"color:#fff;padding:6px 18px;font-size:14px;line-height:21px;border-color:#b7606f;border-radius:5px;text-shadow:none\"><i class=\"sui sui-arrow-down\" style=\"font-size:14px;color:#FFFFFF\"><\/i> T\u00e9l\u00e9charger Rapport d\u2019activit\u00e9s 2022<\/span><\/a>\n<a href=\"https:\/\/www.jeunesseabruxelles.be\/site\/wp-content\/uploads\/2025\/01\/Rapport-activites-2021-version-PDF.pdf\" class=\"su-button su-button-style-flat su-button-wide\" style=\"color:#fff;background-color:#981b31;border-color:#7a1628;border-radius:5px\" target=\"_self\"><span style=\"color:#fff;padding:6px 18px;font-size:14px;line-height:21px;border-color:#b7606f;border-radius:5px;text-shadow:none\"><i class=\"sui sui-arrow-down\" style=\"font-size:14px;color:#FFFFFF\"><\/i> T\u00e9l\u00e9charger Rapport d\u2019activit\u00e9s 2021<\/span><\/a>\n<a href=\"https:\/\/www.jeunesseabruxelles.be\/site\/wp-content\/uploads\/2021\/06\/1035.JaBr_.Layout_RA2020_v0.4-Low.pdf\" class=\"su-button su-button-style-flat su-button-wide\" style=\"color:#fff;background-color:#981b31;border-color:#7a1628;border-radius:5px\" target=\"_self\"><span style=\"color:#fff;padding:6px 18px;font-size:14px;line-height:21px;border-color:#b7606f;border-radius:5px;text-shadow:none\"><i class=\"sui sui-arrow-down\" style=\"font-size:14px;color:#FFFFFF\"><\/i> T\u00e9l\u00e9charger Rapport d\u2019activit\u00e9s 2020<\/span><\/a>\n<a href=\"https:\/\/www.jeunesseabruxelles.be\/site\/wp-content\/uploads\/2020\/06\/1035.JaBr_.Layout_RA2019_Low-DEF.pdf\" class=\"su-button su-button-style-flat su-button-wide\" style=\"color:#fff;background-color:#981b31;border-color:#7a1628;border-radius:5px\" target=\"_self\"><span style=\"color:#fff;padding:6px 18px;font-size:14px;line-height:21px;border-color:#b7606f;border-radius:5px;text-shadow:none\"><i class=\"sui sui-arrow-down\" style=\"font-size:14px;color:#FFFFFF\"><\/i> T\u00e9l\u00e9charger Rapport d\u2019activit\u00e9s 2019<\/span><\/a>\n<a href=\"https:\/\/www.jeunesseabruxelles.be\/site\/wp-content\/uploads\/2019\/06\/1035.JaBr_.Layout_RA2018_Low-V6.pdf\" class=\"su-button su-button-style-flat su-button-wide\" style=\"color:#fff;background-color:#981b31;border-color:#7a1628;border-radius:5px\" target=\"_self\"><span style=\"color:#fff;padding:6px 18px;font-size:14px;line-height:21px;border-color:#b7606f;border-radius:5px;text-shadow:none\"><i class=\"sui sui-arrow-down\" style=\"font-size:14px;color:#FFFFFF\"><\/i> T\u00e9l\u00e9charger\u00a0Rapport d\u2019activit\u00e9s 2018<\/span><\/a>\n<a href=\"https:\/\/www.jeunesseabruxelles.be\/site\/wp-content\/uploads\/2018\/06\/1035.JaBr_.Layout_RA2017_Low.pdf\" class=\"su-button su-button-style-flat su-button-wide\" style=\"color:#fff;background-color:#981b31;border-color:#7a1628;border-radius:5px\" target=\"_self\"><span style=\"color:#fff;padding:6px 18px;font-size:14px;line-height:21px;border-color:#b7606f;border-radius:5px;text-shadow:none\"><i class=\"sui sui-arrow-down\" style=\"font-size:14px;color:#FFFFFF\"><\/i> T\u00e9l\u00e9charger\u00a0Rapport d\u2019activit\u00e9s 2017<\/span><\/a>\n<a href=\"https:\/\/www.jeunesseabruxelles.be\/site\/wp-content\/uploads\/2024\/04\/Def-Def-1035.JaBr_.Layout_RA2016_LD-1.pdf\" class=\"su-button su-button-style-flat su-button-wide\" style=\"color:#fff;background-color:#981b31;border-color:#7a1628;border-radius:5px\" target=\"_self\"><span style=\"color:#fff;padding:6px 18px;font-size:14px;line-height:21px;border-color:#b7606f;border-radius:5px;text-shadow:none\"><i class=\"sui sui-arrow-down\" style=\"font-size:14px;color:#FFFFFF\"><\/i> T\u00e9l\u00e9charger Rapport d\u2019activit\u00e9s 2016<\/span><\/a>\n<a href=\"https:\/\/www.jeunesseabruxelles.be\/site\/wp-content\/uploads\/2016\/11\/VD-1035.JaBr_.Layout_RA2015_LDWeb.pdf\" class=\"su-button su-button-style-flat su-button-wide\" style=\"color:#fff;background-color:#981b31;border-color:#7a1628;border-radius:5px\" target=\"_self\"><span style=\"color:#fff;padding:6px 18px;font-size:14px;line-height:21px;border-color:#b7606f;border-radius:5px;text-shadow:none\"><i class=\"sui sui-arrow-down\" style=\"font-size:14px;color:#FFFFFF\"><\/i> T\u00e9l\u00e9charger\u00a0Rapport d\u2019activit\u00e9s 2015<\/span><\/a>\n<a href=\"https:\/\/www.jeunesseabruxelles.be\/site\/wp-content\/uploads\/2014\/07\/JABR_RA-2014_light.pdf\" class=\"su-button su-button-style-flat su-button-wide\" style=\"color:#fff;background-color:#981b31;border-color:#7a1628;border-radius:5px\" target=\"_self\"><span style=\"color:#fff;padding:6px 18px;font-size:14px;line-height:21px;border-color:#b7606f;border-radius:5px;text-shadow:none\"><i class=\"sui sui-arrow-down\" style=\"font-size:14px;color:#FFFFFF\"><\/i> T\u00e9l\u00e9charger\u00a0Rapport d\u2019activit\u00e9s 2014<\/span><\/a>\n<a href=\"https:\/\/www.jeunesseabruxelles.be\/site\/wp-content\/uploads\/2014\/07\/JABR_RA-2013_light.pdf\" class=\"su-button su-button-style-flat su-button-wide\" style=\"color:#fff;background-color:#981b31;border-color:#7a1628;border-radius:5px\" target=\"_self\"><span style=\"color:#fff;padding:6px 18px;font-size:14px;line-height:21px;border-color:#b7606f;border-radius:5px;text-shadow:none\"><i class=\"sui sui-arrow-down\" style=\"font-size:14px;color:#FFFFFF\"><\/i> T\u00e9l\u00e9charger\u00a0Rapport d\u2019activit\u00e9s 2013<\/span><\/a>\n<a href=\"https:\/\/www.jeunesseabruxelles.be\/site\/wp-content\/uploads\/2014\/07\/JABR_RA-2012_light.pdf\" class=\"su-button su-button-style-flat su-button-wide\" style=\"color:#fff;background-color:#981b31;border-color:#7a1628;border-radius:5px\" target=\"_self\"><span style=\"color:#fff;padding:6px 18px;font-size:14px;line-height:21px;border-color:#b7606f;border-radius:5px;text-shadow:none\"><i class=\"sui sui-arrow-down\" style=\"font-size:14px;color:#FFFFFF\"><\/i> T\u00e9l\u00e9charger\u00a0Rapport d\u2019activit\u00e9s 2012<\/span><\/a>\n<a href=\"https:\/\/www.jeunesseabruxelles.be\/site\/wp-content\/uploads\/2014\/07\/JABR_RA-2011_light.pdf\" class=\"su-button su-button-style-flat su-button-wide\" style=\"color:#fff;background-color:#981b31;border-color:#7a1628;border-radius:5px\" target=\"_self\"><span style=\"color:#fff;padding:6px 18px;font-size:14px;line-height:21px;border-color:#b7606f;border-radius:5px;text-shadow:none\"><i class=\"sui sui-arrow-down\" style=\"font-size:14px;color:#FFFFFF\"><\/i> T\u00e9l\u00e9charger\u00a0Rapport d\u2019activit\u00e9s 2011<\/span><\/a>\n<a href=\"https:\/\/www.jeunesseabruxelles.be\/site\/wp-content\/uploads\/2014\/07\/JABR_RA-2010_light.pdf\" class=\"su-button su-button-style-flat su-button-wide\" style=\"color:#fff;background-color:#981b31;border-color:#7a1628;border-radius:5px\" target=\"_self\"><span style=\"color:#fff;padding:6px 18px;font-size:14px;line-height:21px;border-color:#b7606f;border-radius:5px;text-shadow:none\"><i class=\"sui sui-arrow-down\" style=\"font-size:14px;color:#FFFFFF\"><\/i> T\u00e9l\u00e9charger\u00a0Rapport d\u2019activit\u00e9s 2010<\/span><\/a>\n","protected":false},"excerpt":{"rendered":"<p>Approuv\u00e9s chaque ann\u00e9e par l\u2019Assembl\u00e9e G\u00e9n\u00e9rale, \u00a0les rapports d\u2019activit\u00e9s pr\u00e9sentent de mani\u00e8re synth\u00e9tique les travaux de l\u2019ann\u00e9e \u00e9coul\u00e9e.<\/p>\n","protected":false},"author":5,"featured_media":730,"parent":21,"menu_order":0,"comment_status":"closed","ping_status":"closed","template":"page-templates\/full-width.php","meta":{"footnotes":""},"class_list":["post-43","page","type-page","status-publish","has-post-thumbnail","hentry"],"_links":{"self":[{"href":"https:\/\/www.jeunesseabruxelles.be\/site\/wp-json\/wp\/v2\/pages\/43","targetHints":{"allow":["GET"]}}],"collection":[{"href":"https:\/\/www.jeunesseabruxelles.be\/site\/wp-json\/wp\/v2\/pages"}],"about":[{"href":"https:\/\/www.jeunesseabruxelles.be\/site\/wp-json\/wp\/v2\/types\/page"}],"author":[{"embeddable":true,"href":"https:\/\/www.jeunesseabruxelles.be\/site\/wp-json\/wp\/v2\/users\/5"}],"replies":[{"embeddable":true,"href":"https:\/\/www.jeunesseabruxelles.be\/site\/wp-json\/wp\/v2\/comments?post=43"}],"version-history":[{"count":25,"href":"https:\/\/www.jeunesseabruxelles.be\/site\/wp-json\/wp\/v2\/pages\/43\/revisions"}],"predecessor-version":[{"id":5714,"href":"https:\/\/www.jeunesseabruxelles.be\/site\/wp-json\/wp\/v2\/pages\/43\/revisions\/5714"}],"up":[{"embeddable":true,"href":"https:\/\/www.jeunesseabruxelles.be\/site\/wp-json\/wp\/v2\/pages\/21"}],"wp:featuredmedia":[{"embeddable":true,"href":"https:\/\/www.jeunesseabruxelles.be\/site\/wp-json\/wp\/v2\/media\/730"}],"wp:attachment":[{"href":"https:\/\/www.jeunesseabruxelles.be\/site\/wp-json\/wp\/v2\/media?parent=43"}],"curies":[{"name":"wp","href":"https:\/\/api.w.org\/{rel}","templated":true}]}}

Rapports d&rsquo;activités

<p>Approuvés chaque année par l’Assemblée Générale,  les rapports d’activités présentent de manière synthétique les travaux de l’année écoulée.</p>
<a href="https://www.jeunesseabruxelles.be/site/wp-content/uploads/2025/06/Rapport-activites-2024_version-finale_compresse.pdf" class="su-button su-button-style-flat su-button-wide" style="color:#fff;background-color:#981b31;border-color:#7a1628;border-radius:5px" target="_self"><span style="color:#fff;padding:6px 18px;font-size:14px;line-height:21px;border-color:#b7606f;border-radius:5px;text-shadow:none"><i class="sui sui-arrow-down" style="font-size:14px;color:#FFFFFF"></i> Télécharger Rapport d’activités 2024</span></a>
<a href="https://www.jeunesseabruxelles.be/site/wp-content/uploads/2025/01/Rapport-activites-2023_compresse.pdf" class="su-button su-button-style-flat su-button-wide" style="color:#fff;background-color:#981b31;border-color:#7a1628;border-radius:5px" target="_self"><span style="color:#fff;padding:6px 18px;font-size:14px;line-height:21px;border-color:#b7606f;border-radius:5px;text-shadow:none"><i class="sui sui-arrow-down" style="font-size:14px;color:#FFFFFF"></i> Télécharger Rapport d’activités 2023</span></a>
<a href="https://www.jeunesseabruxelles.be/site/wp-content/uploads/2025/01/Rapport-activites-2022_final_compressed.pdf" class="su-button su-button-style-flat su-button-wide" style="color:#fff;background-color:#981b31;border-color:#7a1628;border-radius:5px" target="_self"><span style="color:#fff;padding:6px 18px;font-size:14px;line-height:21px;border-color:#b7606f;border-radius:5px;text-shadow:none"><i class="sui sui-arrow-down" style="font-size:14px;color:#FFFFFF"></i> Télécharger Rapport d’activités 2022</span></a>
<a href="https://www.jeunesseabruxelles.be/site/wp-content/uploads/2025/01/Rapport-activites-2021-version-PDF.pdf" class="su-button su-button-style-flat su-button-wide" style="color:#fff;background-color:#981b31;border-color:#7a1628;border-radius:5px" target="_self"><span style="color:#fff;padding:6px 18px;font-size:14px;line-height:21px;border-color:#b7606f;border-radius:5px;text-shadow:none"><i class="sui sui-arrow-down" style="font-size:14px;color:#FFFFFF"></i> Télécharger Rapport d’activités 2021</span></a>
<a href="https://www.jeunesseabruxelles.be/site/wp-content/uploads/2021/06/1035.JaBr_.Layout_RA2020_v0.4-Low.pdf" class="su-button su-button-style-flat su-button-wide" style="color:#fff;background-color:#981b31;border-color:#7a1628;border-radius:5px" target="_self"><span style="color:#fff;padding:6px 18px;font-size:14px;line-height:21px;border-color:#b7606f;border-radius:5px;text-shadow:none"><i class="sui sui-arrow-down" style="font-size:14px;color:#FFFFFF"></i> Télécharger Rapport d’activités 2020</span></a>
<a href="https://www.jeunesseabruxelles.be/site/wp-content/uploads/2020/06/1035.JaBr_.Layout_RA2019_Low-DEF.pdf" class="su-button su-button-style-flat su-button-wide" style="color:#fff;background-color:#981b31;border-color:#7a1628;border-radius:5px" target="_self"><span style="color:#fff;padding:6px 18px;font-size:14px;line-height:21px;border-color:#b7606f;border-radius:5px;text-shadow:none"><i class="sui sui-arrow-down" style="font-size:14px;color:#FFFFFF"></i> Télécharger Rapport d’activités 2019</span></a>
<a href="https://www.jeunesseabruxelles.be/site/wp-content/uploads/2019/06/1035.JaBr_.Layout_RA2018_Low-V6.pdf" class="su-button su-button-style-flat su-button-wide" style="color:#fff;background-color:#981b31;border-color:#7a1628;border-radius:5px" target="_self"><span style="color:#fff;padding:6px 18px;font-size:14px;line-height:21px;border-color:#b7606f;border-radius:5px;text-shadow:none"><i class="sui sui-arrow-down" style="font-size:14px;color:#FFFFFF"></i> Télécharger Rapport d’activités 2018</span></a>
<a href="https://www.jeunesseabruxelles.be/site/wp-content/uploads/2018/06/1035.JaBr_.Layout_RA2017_Low.pdf" class="su-button su-button-style-flat su-button-wide" style="color:#fff;background-color:#981b31;border-color:#7a1628;border-radius:5px" target="_self"><span style="color:#fff;padding:6px 18px;font-size:14px;line-height:21px;border-color:#b7606f;border-radius:5px;text-shadow:none"><i class="sui sui-arrow-down" style="font-size:14px;color:#FFFFFF"></i> Télécharger Rapport d’activités 2017</span></a>
<a href="https://www.jeunesseabruxelles.be/site/wp-content/uploads/2024/04/Def-Def-1035.JaBr_.Layout_RA2016_LD-1.pdf" class="su-button su-button-style-flat su-button-wide" style="color:#fff;background-color:#981b31;border-color:#7a1628;border-radius:5px" target="_self"><span style="color:#fff;padding:6px 18px;font-size:14px;line-height:21px;border-color:#b7606f;border-radius:5px;text-shadow:none"><i class="sui sui-arrow-down" style="font-size:14px;color:#FFFFFF"></i> Télécharger Rapport d’activités 2016</span></a>
<a href="https://www.jeunesseabruxelles.be/site/wp-content/uploads/2016/11/VD-1035.JaBr_.Layout_RA2015_LDWeb.pdf" class="su-button su-button-style-flat su-button-wide" style="color:#fff;background-color:#981b31;border-color:#7a1628;border-radius:5px" target="_self"><span style="color:#fff;padding:6px 18px;font-size:14px;line-height:21px;border-color:#b7606f;border-radius:5px;text-shadow:none"><i class="sui sui-arrow-down" style="font-size:14px;color:#FFFFFF"></i> Télécharger Rapport d’activités 2015</span></a>
<a href="https://www.jeunesseabruxelles.be/site/wp-content/uploads/2014/07/JABR_RA-2014_light.pdf" class="su-button su-button-style-flat su-button-wide" style="color:#fff;background-color:#981b31;border-color:#7a1628;border-radius:5px" target="_self"><span style="color:#fff;padding:6px 18px;font-size:14px;line-height:21px;border-color:#b7606f;border-radius:5px;text-shadow:none"><i class="sui sui-arrow-down" style="font-size:14px;color:#FFFFFF"></i> Télécharger Rapport d’activités 2014</span></a>
<a href="https://www.jeunesseabruxelles.be/site/wp-content/uploads/2014/07/JABR_RA-2013_light.pdf" class="su-button su-button-style-flat su-button-wide" style="color:#fff;background-color:#981b31;border-color:#7a1628;border-radius:5px" target="_self"><span style="color:#fff;padding:6px 18px;font-size:14px;line-height:21px;border-color:#b7606f;border-radius:5px;text-shadow:none"><i class="sui sui-arrow-down" style="font-size:14px;color:#FFFFFF"></i> Télécharger Rapport d’activités 2013</span></a>
<a href="https://www.jeunesseabruxelles.be/site/wp-content/uploads/2014/07/JABR_RA-2012_light.pdf" class="su-button su-button-style-flat su-button-wide" style="color:#fff;background-color:#981b31;border-color:#7a1628;border-radius:5px" target="_self"><span style="color:#fff;padding:6px 18px;font-size:14px;line-height:21px;border-color:#b7606f;border-radius:5px;text-shadow:none"><i class="sui sui-arrow-down" style="font-size:14px;color:#FFFFFF"></i> Télécharger Rapport d’activités 2012</span></a>
<a href="https://www.jeunesseabruxelles.be/site/wp-content/uploads/2014/07/JABR_RA-2011_light.pdf" class="su-button su-button-style-flat su-button-wide" style="color:#fff;background-color:#981b31;border-color:#7a1628;border-radius:5px" target="_self"><span style="color:#fff;padding:6px 18px;font-size:14px;line-height:21px;border-color:#b7606f;border-radius:5px;text-shadow:none"><i class="sui sui-arrow-down" style="font-size:14px;color:#FFFFFF"></i> Télécharger Rapport d’activités 2011</span></a>
<a href="https://www.jeunesseabruxelles.be/site/wp-content/uploads/2014/07/JABR_RA-2010_light.pdf" class="su-button su-button-style-flat su-button-wide" style="color:#fff;background-color:#981b31;border-color:#7a1628;border-radius:5px" target="_self"><span style="color:#fff;padding:6px 18px;font-size:14px;line-height:21px;border-color:#b7606f;border-radius:5px;text-shadow:none"><i class="sui sui-arrow-down" style="font-size:14px;color:#FFFFFF"></i> Télécharger Rapport d’activités 2010</span></a>

<p>Approuvés chaque année par l’Assemblée Générale,  les rapports d’activités présentent de manière synthétique les travaux de l’année écoulée.</p>
