{"id":403,"date":"2015-08-25T12:41:13","date_gmt":"2015-08-25T12:41:13","guid":{"rendered":"http:\/\/www.jeunesseabruxelles.be\/site\/?page_id=403"},"modified":"2025-10-16T11:42:52","modified_gmt":"2025-10-16T11:42:52","slug":"publications","status":"publish","type":"page","link":"https:\/\/www.jeunesseabruxelles.be\/site\/cohesion-sociale-fipi\/publications\/","title":{"rendered":"Publications"},"content":{"rendered":"<p><strong>COHESION SOCIALE<\/strong><\/p>\n<p>Le \u00a72 de l\u2019article 27 du D\u00e9cret du 30 novembre 2018 relatif \u00e0 la Coh\u00e9sion sociale pr\u00e9cise\u00a0au point 2 que la Coordination locale assure : \u00ab\u00a0<em>une analyse continue des probl\u00e8mes et besoins sur le territoire de la commune \u00e9ligible et l\u2019\u00e9tablissement d\u2019un rapport annuel \u00e0 destination du Coll\u00e8ge, de la section \u00ab Coh\u00e9sion sociale \u00bb du Conseil consultatif, du Centre r\u00e9gional d\u2019appui vis\u00e9 au chapitre 8, du Conseil communal et du Conseil de l\u2019action sociale de la commune \u00e9ligible\u00a0<\/em>\u00bb.<\/p>\n<a href=\"https:\/\/www.jeunesseabruxelles.be\/site\/wp-content\/uploads\/2025\/10\/Rapport-annuel-2024F.pdf\" class=\"su-button su-button-style-flat su-button-wide\" style=\"color:#fff;background-color:#9f4781;border-color:#803968;border-radius:5px\" target=\"_self\"><span style=\"color:#fff;padding:6px 18px;font-size:14px;line-height:21px;border-color:#bc7fa7;border-radius:5px;text-shadow:none\"><i class=\"sui sui-arrow-down\" style=\"font-size:14px;color:#FFFFFF\"><\/i> Rapport annuel 2024<\/span><\/a>\n<a href=\"https:\/\/www.jeunesseabruxelles.be\/site\/wp-content\/uploads\/2025\/10\/RAPPORT-ANNUEL-CL-2023.pdf\" class=\"su-button su-button-style-flat su-button-wide\" style=\"color:#fff;background-color:#9f4781;border-color:#803968;border-radius:5px\" target=\"_self\"><span style=\"color:#fff;padding:6px 18px;font-size:14px;line-height:21px;border-color:#bc7fa7;border-radius:5px;text-shadow:none\"><i class=\"sui sui-arrow-down\" style=\"font-size:14px;color:#FFFFFF\"><\/i> Rapport annuel 2023<\/span><\/a>\n<a href=\"https:\/\/www.jeunesseabruxelles.be\/site\/wp-content\/uploads\/2025\/10\/RAPPORT-ANNUEL-CL-2022.pdf\" class=\"su-button su-button-style-flat su-button-wide\" style=\"color:#fff;background-color:#9f4781;border-color:#803968;border-radius:5px\" target=\"_self\"><span style=\"color:#fff;padding:6px 18px;font-size:14px;line-height:21px;border-color:#bc7fa7;border-radius:5px;text-shadow:none\"><i class=\"sui sui-arrow-down\" style=\"font-size:14px;color:#FFFFFF\"><\/i> Rapport annuel 2022<\/span><\/a>\n<a href=\"https:\/\/www.jeunesseabruxelles.be\/site\/wp-content\/uploads\/2025\/10\/RAPPORT-ANNUEL-CL-2021.pdf\" class=\"su-button su-button-style-flat su-button-wide\" style=\"color:#fff;background-color:#9f4781;border-color:#803968;border-radius:5px\" target=\"_self\"><span style=\"color:#fff;padding:6px 18px;font-size:14px;line-height:21px;border-color:#bc7fa7;border-radius:5px;text-shadow:none\"><i class=\"sui sui-arrow-down\" style=\"font-size:14px;color:#FFFFFF\"><\/i> Rapport annuel 2021<\/span><\/a>\n<a href=\"https:\/\/www.jeunesseabruxelles.be\/site\/wp-content\/uploads\/2025\/10\/RAPPORT-ANNUEL-CL-2020.pdf\" class=\"su-button su-button-style-flat su-button-wide\" style=\"color:#fff;background-color:#9f4781;border-color:#803968;border-radius:5px\" target=\"_self\"><span style=\"color:#fff;padding:6px 18px;font-size:14px;line-height:21px;border-color:#bc7fa7;border-radius:5px;text-shadow:none\"><i class=\"sui sui-arrow-down\" style=\"font-size:14px;color:#FFFFFF\"><\/i> Rapport annuel 2020<\/span><\/a>\n<a href=\"https:\/\/www.jeunesseabruxelles.be\/site\/wp-content\/uploads\/2025\/10\/RAPPORT-ANNUEL-CL-2019.pdf\" class=\"su-button su-button-style-flat su-button-wide\" style=\"color:#fff;background-color:#9f4781;border-color:#803968;border-radius:5px\" target=\"_self\"><span style=\"color:#fff;padding:6px 18px;font-size:14px;line-height:21px;border-color:#bc7fa7;border-radius:5px;text-shadow:none\"><i class=\"sui sui-arrow-down\" style=\"font-size:14px;color:#FFFFFF\"><\/i> Rapport annuel 2019<\/span><\/a>\n<p>DIAGNOSTIC LOCAL<\/p>\n<a href=\"https:\/\/www.jeunesseabruxelles.be\/site\/wp-content\/uploads\/2025\/10\/DIAGNOSTIC-LOCAL-DIF-2021.pdf\" class=\"su-button su-button-style-flat su-button-wide\" style=\"color:#fff;background-color:#9f4781;border-color:#803968;border-radius:5px\" target=\"_self\"><span style=\"color:#fff;padding:6px 18px;font-size:14px;line-height:21px;border-color:#bc7fa7;border-radius:5px;text-shadow:none\"><i class=\"sui sui-arrow-down\" style=\"font-size:14px;color:#FFFFFF\"><\/i>  Diagnostic local 2021 <\/span><\/a>\n<p>&nbsp;<\/p>\n","protected":false},"excerpt":{"rendered":"<p>COHESION SOCIALE Le \u00a72 de l\u2019article 27 du D\u00e9cret du 30 novembre 2018 relatif \u00e0 la Coh\u00e9sion sociale pr\u00e9cise\u00a0au point 2 que la Coordination locale assure : \u00ab\u00a0une analyse continue des probl\u00e8mes et besoins sur le territoire de la commune \u00e9ligible et l\u2019\u00e9tablissement d\u2019un rapport annuel \u00e0 destination du Coll\u00e8ge, de la section \u00ab Coh\u00e9sion &hellip; <a href=\"https:\/\/www.jeunesseabruxelles.be\/site\/cohesion-sociale-fipi\/publications\/\" class=\"more-link\">Continuer la lecture de <span class=\"screen-reader-text\">Publications<\/span> <span class=\"meta-nav\">&rarr;<\/span><\/a><\/p>\n","protected":false},"author":5,"featured_media":726,"parent":87,"menu_order":0,"comment_status":"closed","ping_status":"open","template":"page-templates\/full-width.php","meta":{"footnotes":""},"class_list":["post-403","page","type-page","status-publish","has-post-thumbnail","hentry"],"_links":{"self":[{"href":"https:\/\/www.jeunesseabruxelles.be\/site\/wp-json\/wp\/v2\/pages\/403","targetHints":{"allow":["GET"]}}],"collection":[{"href":"https:\/\/www.jeunesseabruxelles.be\/site\/wp-json\/wp\/v2\/pages"}],"about":[{"href":"https:\/\/www.jeunesseabruxelles.be\/site\/wp-json\/wp\/v2\/types\/page"}],"author":[{"embeddable":true,"href":"https:\/\/www.jeunesseabruxelles.be\/site\/wp-json\/wp\/v2\/users\/5"}],"replies":[{"embeddable":true,"href":"https:\/\/www.jeunesseabruxelles.be\/site\/wp-json\/wp\/v2\/comments?post=403"}],"version-history":[{"count":18,"href":"https:\/\/www.jeunesseabruxelles.be\/site\/wp-json\/wp\/v2\/pages\/403\/revisions"}],"predecessor-version":[{"id":6103,"href":"https:\/\/www.jeunesseabruxelles.be\/site\/wp-json\/wp\/v2\/pages\/403\/revisions\/6103"}],"up":[{"embeddable":true,"href":"https:\/\/www.jeunesseabruxelles.be\/site\/wp-json\/wp\/v2\/pages\/87"}],"wp:featuredmedia":[{"embeddable":true,"href":"https:\/\/www.jeunesseabruxelles.be\/site\/wp-json\/wp\/v2\/media\/726"}],"wp:attachment":[{"href":"https:\/\/www.jeunesseabruxelles.be\/site\/wp-json\/wp\/v2\/media?parent=403"}],"curies":[{"name":"wp","href":"https:\/\/api.w.org\/{rel}","templated":true}]}}

<p><strong>COHESION SOCIALE</strong></p>
<p>Le §2 de l’article 27 du Décret du 30 novembre 2018 relatif à la Cohésion sociale précise au point 2 que la Coordination locale assure : « <em>une analyse continue des problèmes et besoins sur le territoire de la commune éligible et l’établissement d’un rapport annuel à destination du Collège, de la section « Cohésion sociale » du Conseil consultatif, du Centre régional d’appui visé au chapitre 8, du Conseil communal et du Conseil de l’action sociale de la commune éligible </em>».</p>
<a href="https://www.jeunesseabruxelles.be/site/wp-content/uploads/2025/10/Rapport-annuel-2024F.pdf" class="su-button su-button-style-flat su-button-wide" style="color:#fff;background-color:#9f4781;border-color:#803968;border-radius:5px" target="_self"><span style="color:#fff;padding:6px 18px;font-size:14px;line-height:21px;border-color:#bc7fa7;border-radius:5px;text-shadow:none"><i class="sui sui-arrow-down" style="font-size:14px;color:#FFFFFF"></i> Rapport annuel 2024</span></a>
<a href="https://www.jeunesseabruxelles.be/site/wp-content/uploads/2025/10/RAPPORT-ANNUEL-CL-2023.pdf" class="su-button su-button-style-flat su-button-wide" style="color:#fff;background-color:#9f4781;border-color:#803968;border-radius:5px" target="_self"><span style="color:#fff;padding:6px 18px;font-size:14px;line-height:21px;border-color:#bc7fa7;border-radius:5px;text-shadow:none"><i class="sui sui-arrow-down" style="font-size:14px;color:#FFFFFF"></i> Rapport annuel 2023</span></a>
<a href="https://www.jeunesseabruxelles.be/site/wp-content/uploads/2025/10/RAPPORT-ANNUEL-CL-2022.pdf" class="su-button su-button-style-flat su-button-wide" style="color:#fff;background-color:#9f4781;border-color:#803968;border-radius:5px" target="_self"><span style="color:#fff;padding:6px 18px;font-size:14px;line-height:21px;border-color:#bc7fa7;border-radius:5px;text-shadow:none"><i class="sui sui-arrow-down" style="font-size:14px;color:#FFFFFF"></i> Rapport annuel 2022</span></a>
<a href="https://www.jeunesseabruxelles.be/site/wp-content/uploads/2025/10/RAPPORT-ANNUEL-CL-2021.pdf" class="su-button su-button-style-flat su-button-wide" style="color:#fff;background-color:#9f4781;border-color:#803968;border-radius:5px" target="_self"><span style="color:#fff;padding:6px 18px;font-size:14px;line-height:21px;border-color:#bc7fa7;border-radius:5px;text-shadow:none"><i class="sui sui-arrow-down" style="font-size:14px;color:#FFFFFF"></i> Rapport annuel 2021</span></a>
<a href="https://www.jeunesseabruxelles.be/site/wp-content/uploads/2025/10/RAPPORT-ANNUEL-CL-2020.pdf" class="su-button su-button-style-flat su-button-wide" style="color:#fff;background-color:#9f4781;border-color:#803968;border-radius:5px" target="_self"><span style="color:#fff;padding:6px 18px;font-size:14px;line-height:21px;border-color:#bc7fa7;border-radius:5px;text-shadow:none"><i class="sui sui-arrow-down" style="font-size:14px;color:#FFFFFF"></i> Rapport annuel 2020</span></a>
<a href="https://www.jeunesseabruxelles.be/site/wp-content/uploads/2025/10/RAPPORT-ANNUEL-CL-2019.pdf" class="su-button su-button-style-flat su-button-wide" style="color:#fff;background-color:#9f4781;border-color:#803968;border-radius:5px" target="_self"><span style="color:#fff;padding:6px 18px;font-size:14px;line-height:21px;border-color:#bc7fa7;border-radius:5px;text-shadow:none"><i class="sui sui-arrow-down" style="font-size:14px;color:#FFFFFF"></i> Rapport annuel 2019</span></a>
<p>DIAGNOSTIC LOCAL</p>
<a href="https://www.jeunesseabruxelles.be/site/wp-content/uploads/2025/10/DIAGNOSTIC-LOCAL-DIF-2021.pdf" class="su-button su-button-style-flat su-button-wide" style="color:#fff;background-color:#9f4781;border-color:#803968;border-radius:5px" target="_self"><span style="color:#fff;padding:6px 18px;font-size:14px;line-height:21px;border-color:#bc7fa7;border-radius:5px;text-shadow:none"><i class="sui sui-arrow-down" style="font-size:14px;color:#FFFFFF"></i>  Diagnostic local 2021 </span></a>
<p>&nbsp;</p>

<p>COHESION SOCIALE Le §2 de l’article 27 du Décret du 30 novembre 2018 relatif à la Cohésion sociale précise au point 2 que la Coordination locale assure : « une analyse continue des problèmes et besoins sur le territoire de la commune éligible et l’établissement d’un rapport annuel à destination du Collège, de la section « Cohésion &hellip; <a href="https://www.jeunesseabruxelles.be/site/cohesion-sociale-fipi/publications/" class="more-link">Continuer la lecture de <span class="screen-reader-text">Publications</span> <span class="meta-nav">&rarr;</span></a></p>
