{"id":392,"date":"2015-08-25T12:36:48","date_gmt":"2015-08-25T12:36:48","guid":{"rendered":"http:\/\/www.jeunesseabruxelles.be\/site\/?page_id=392"},"modified":"2024-08-01T12:18:58","modified_gmt":"2024-08-01T12:18:58","slug":"avantages-famille","status":"publish","type":"page","link":"https:\/\/www.jeunesseabruxelles.be\/site\/accueil-temps-libre\/avantages-famille\/","title":{"rendered":"R\u00e9ductions"},"content":{"rendered":"<p><strong>R\u00e9ductions pour les activit\u00e9s de loisirs de vos enfants<\/strong><\/p>\n<ul>\n<li><em>Ecoles de la Ville de Bruxelles\u00a0<\/em><\/li>\n<\/ul>\n<p>Accueil en milieu\u00a0scolaire\u00a0: r\u00e9duction \u00e0 partir du 2\u00e8me enfant et exon\u00e9ration pour les usagers du CPAS.<\/p>\n<ul>\n<li><em>Jeunesse \u00e0 Bruxelles asbl<\/em><\/li>\n<\/ul>\n<p>Plaines, stages et s\u00e9jours pendant les vacances scolaires : tarif pr\u00e9f\u00e9rentiel et tarif social pour les habitants de la Ville de Bruxelles.<\/p>\n<ul>\n<li><em>Maison des Sports de la Ville de Bruxelles<\/em><\/li>\n<\/ul>\n<p>Stages sportifs pendant les vacances scolaires\u00a0: r\u00e9ductions pour les enfants qui fr\u00e9quentent une \u00e9cole situ\u00e9e\u00a0sur le territoire de la Ville de Bruxelles et pour les habitants de la Ville de Bruxelles<\/p>\n<ul>\n<li><em>CPAS de la Ville de Bruxelles<\/em><\/li>\n<\/ul>\n<p>Intervention financi\u00e8re de maximum 200\u20ac\/an dans les frais li\u00e9s aux activit\u00e9s de vacances et aux voyages scolaires. Pour tous renseignements, prendre contact avec l&rsquo;antenne sociale de votre quartier :\u00a0<a href=\"http:\/\/www.cpasbru.irisnet.be\/fr\/index.asp\">cpasbru.irisnet.be\/fr\/index.asp<\/a><\/p>\n<ul>\n<li><em>D\u00e9duction fiscale<\/em><\/li>\n<\/ul>\n<p>Possibilit\u00e9 de d\u00e9duire les frais de garde pour les enfants de moins de 12 ans. Plus d\u2019information via le lien suivant\u00a0:\u00a0<a href=\"http:\/\/www.minfin.fgov.be\/portail2\/fr\/themes\/family\/childcare\/index.htm\">http:\/\/www.minfin.fgov.be\/portail2\/fr\/themes\/family\/childcare\/index.htm<\/a><\/p>\n<p>ou par t\u00e9l\u00e9phone au 02\/ 572 57 57 (contact center du Service Public F\u00e9d\u00e9ral des Finances)<\/p>\n<ul>\n<li><em>Mutuelle<\/em><\/li>\n<\/ul>\n<p>Renseignez-vous aupr\u00e8s de votre mutuelle pour savoir si celle-ci participe (ou non) dans les frais d\u2019activit\u00e9s de votre\/vos enfant(s) et\/ou dans les frais d\u2019inscription \u00e0 un club sportif, atelier, etc.<\/p>\n<ul>\n<li><em>PHARE<\/em><\/li>\n<\/ul>\n<p>Le Service PHARE apporte informations, conseils et interventions financi\u00e8res aux personnes handicap\u00e9es en R\u00e9gion bruxelloise\u00a0: <a href=\"http:\/\/phare.irisnet.be\/\">http:\/\/phare.irisnet.be\/<\/a><\/p>\n","protected":false},"excerpt":{"rendered":"<p>R\u00e9ductions pour les activit\u00e9s de loisirs de vos enfants Ecoles de la Ville de Bruxelles\u00a0 Accueil en milieu\u00a0scolaire\u00a0: r\u00e9duction \u00e0 partir du 2\u00e8me enfant et exon\u00e9ration pour les usagers du CPAS. Jeunesse \u00e0 Bruxelles asbl Plaines, stages et s\u00e9jours pendant les vacances scolaires : tarif pr\u00e9f\u00e9rentiel et tarif social pour les habitants de la Ville &hellip; <a href=\"https:\/\/www.jeunesseabruxelles.be\/site\/accueil-temps-libre\/avantages-famille\/\" class=\"more-link\">Continuer la lecture de <span class=\"screen-reader-text\">R\u00e9ductions<\/span> <span class=\"meta-nav\">&rarr;<\/span><\/a><\/p>\n","protected":false},"author":5,"featured_media":725,"parent":201,"menu_order":0,"comment_status":"closed","ping_status":"closed","template":"page-templates\/full-width.php","meta":{"footnotes":""},"class_list":["post-392","page","type-page","status-publish","has-post-thumbnail","hentry"],"_links":{"self":[{"href":"https:\/\/www.jeunesseabruxelles.be\/site\/wp-json\/wp\/v2\/pages\/392","targetHints":{"allow":["GET"]}}],"collection":[{"href":"https:\/\/www.jeunesseabruxelles.be\/site\/wp-json\/wp\/v2\/pages"}],"about":[{"href":"https:\/\/www.jeunesseabruxelles.be\/site\/wp-json\/wp\/v2\/types\/page"}],"author":[{"embeddable":true,"href":"https:\/\/www.jeunesseabruxelles.be\/site\/wp-json\/wp\/v2\/users\/5"}],"replies":[{"embeddable":true,"href":"https:\/\/www.jeunesseabruxelles.be\/site\/wp-json\/wp\/v2\/comments?post=392"}],"version-history":[{"count":6,"href":"https:\/\/www.jeunesseabruxelles.be\/site\/wp-json\/wp\/v2\/pages\/392\/revisions"}],"predecessor-version":[{"id":5090,"href":"https:\/\/www.jeunesseabruxelles.be\/site\/wp-json\/wp\/v2\/pages\/392\/revisions\/5090"}],"up":[{"embeddable":true,"href":"https:\/\/www.jeunesseabruxelles.be\/site\/wp-json\/wp\/v2\/pages\/201"}],"wp:featuredmedia":[{"embeddable":true,"href":"https:\/\/www.jeunesseabruxelles.be\/site\/wp-json\/wp\/v2\/media\/725"}],"wp:attachment":[{"href":"https:\/\/www.jeunesseabruxelles.be\/site\/wp-json\/wp\/v2\/media?parent=392"}],"curies":[{"name":"wp","href":"https:\/\/api.w.org\/{rel}","templated":true}]}}