{"id":383,"date":"2015-08-25T12:32:46","date_gmt":"2015-08-25T12:32:46","guid":{"rendered":"http:\/\/www.jeunesseabruxelles.be\/site\/?page_id=383"},"modified":"2026-04-27T14:41:37","modified_gmt":"2026-04-27T14:41:37","slug":"offre-demploi","status":"publish","type":"page","link":"https:\/\/www.jeunesseabruxelles.be\/site\/activites-de-vacances\/offre-demploi\/","title":{"rendered":"Formulaire de candidature PDF &#8211; Carnaval, Printemps Et\u00e9 2026"},"content":{"rendered":"<p><strong>APPEL A CANDIDATURES POUR LES SEJOURS, PLAINES ET STAGES DE CARNAVAL \/ PRINTEMPS \/ ETE 2026<\/strong><\/p>\n<p>Merci de privil\u00e9gier une candidature via le <a href=\"https:\/\/www.jeunesseabruxelles.be\/site\/formulaire-demploi-online\/\">formulaire en ligne<\/a>, et d&rsquo;y remettre les annexes demand\u00e9es.\u00a0Les candidatures incompl\u00e8tes ne seront pas prises en consid\u00e9ration.<\/p>\n<p>Veuillez trouver ici le formulaire de candidature pour les s\u00e9jours, stages et plaines de Carnaval Printemps et Et\u00e9 2026 : animateur\/trice, coordinateur\/trice, responsable,\u00a0 personnel d&rsquo;entretien.<\/p>\n<a href=\"https:\/\/www.jeunesseabruxelles.be\/site\/wp-content\/uploads\/2026\/04\/Formulaire-Emploi-CAR-PRI-ETE-26-.pdf\" class=\"su-button su-button-style-default su-button-wide\" style=\"color:#ffffff;background-color:#90aeb4;border-color:#748c90;border-radius:5px\" target=\"_self\"><span style=\"color:#ffffff;padding:6px 18px;font-size:14px;line-height:21px;border-color:#b2c7cb;border-radius:5px;text-shadow:none\"><i class=\"sui sui-arrow-down\" style=\"font-size:14px;color:#FFFFFF\"><\/i> Formulaire d&#8217;emploi Carnaval Printemps Et\u00e9 2026 <\/span><\/a>\n<p>\u00a0<\/p>\n\n\n<p><\/p>\n\n\n\n<p><\/p>\n","protected":false},"excerpt":{"rendered":"<p>APPEL A CANDIDATURES POUR LES SEJOURS, PLAINES ET STAGES DE CARNAVAL \/ PRINTEMPS \/ ETE 2026 Merci de privil\u00e9gier une candidature via le formulaire en ligne, et d&rsquo;y remettre les annexes demand\u00e9es.\u00a0Les candidatures incompl\u00e8tes ne seront pas prises en consid\u00e9ration. Veuillez trouver ici le formulaire de candidature pour les s\u00e9jours, stages et plaines de Carnaval &hellip; <a href=\"https:\/\/www.jeunesseabruxelles.be\/site\/activites-de-vacances\/offre-demploi\/\" class=\"more-link\">Continuer la lecture de <span class=\"screen-reader-text\">Formulaire de candidature PDF &#8211; Carnaval, Printemps Et\u00e9 2026<\/span> <span class=\"meta-nav\">&rarr;<\/span><\/a><\/p>\n","protected":false},"author":5,"featured_media":718,"parent":62,"menu_order":0,"comment_status":"closed","ping_status":"open","template":"page-templates\/full-width.php","meta":{"footnotes":""},"class_list":["post-383","page","type-page","status-publish","has-post-thumbnail","hentry"],"_links":{"self":[{"href":"https:\/\/www.jeunesseabruxelles.be\/site\/wp-json\/wp\/v2\/pages\/383","targetHints":{"allow":["GET"]}}],"collection":[{"href":"https:\/\/www.jeunesseabruxelles.be\/site\/wp-json\/wp\/v2\/pages"}],"about":[{"href":"https:\/\/www.jeunesseabruxelles.be\/site\/wp-json\/wp\/v2\/types\/page"}],"author":[{"embeddable":true,"href":"https:\/\/www.jeunesseabruxelles.be\/site\/wp-json\/wp\/v2\/users\/5"}],"replies":[{"embeddable":true,"href":"https:\/\/www.jeunesseabruxelles.be\/site\/wp-json\/wp\/v2\/comments?post=383"}],"version-history":[{"count":151,"href":"https:\/\/www.jeunesseabruxelles.be\/site\/wp-json\/wp\/v2\/pages\/383\/revisions"}],"predecessor-version":[{"id":6501,"href":"https:\/\/www.jeunesseabruxelles.be\/site\/wp-json\/wp\/v2\/pages\/383\/revisions\/6501"}],"up":[{"embeddable":true,"href":"https:\/\/www.jeunesseabruxelles.be\/site\/wp-json\/wp\/v2\/pages\/62"}],"wp:featuredmedia":[{"embeddable":true,"href":"https:\/\/www.jeunesseabruxelles.be\/site\/wp-json\/wp\/v2\/media\/718"}],"wp:attachment":[{"href":"https:\/\/www.jeunesseabruxelles.be\/site\/wp-json\/wp\/v2\/media?parent=383"}],"curies":[{"name":"wp","href":"https:\/\/api.w.org\/{rel}","templated":true}]}}

Formulaire de candidature PDF &#8211; Carnaval, Printemps Eté 2026

<p><strong>APPEL A CANDIDATURES POUR LES SEJOURS, PLAINES ET STAGES DE CARNAVAL / PRINTEMPS / ETE 2026</strong></p>
<p>Merci de privilégier une candidature via le <a href="https://www.jeunesseabruxelles.be/site/formulaire-demploi-online/">formulaire en ligne</a>, et d&rsquo;y remettre les annexes demandées. Les candidatures incomplètes ne seront pas prises en considération.</p>
<p>Veuillez trouver ici le formulaire de candidature pour les séjours, stages et plaines de Carnaval Printemps et Eté 2026 : animateur/trice, coordinateur/trice, responsable,  personnel d&rsquo;entretien.</p>
<a href="https://www.jeunesseabruxelles.be/site/wp-content/uploads/2026/04/Formulaire-Emploi-CAR-PRI-ETE-26-.pdf" class="su-button su-button-style-default su-button-wide" style="color:#ffffff;background-color:#90aeb4;border-color:#748c90;border-radius:5px" target="_self"><span style="color:#ffffff;padding:6px 18px;font-size:14px;line-height:21px;border-color:#b2c7cb;border-radius:5px;text-shadow:none"><i class="sui sui-arrow-down" style="font-size:14px;color:#FFFFFF"></i> Formulaire d&#8217;emploi Carnaval Printemps Eté 2026 </span></a>
<p> </p>


<p></p>



<p></p>

<p>APPEL A CANDIDATURES POUR LES SEJOURS, PLAINES ET STAGES DE CARNAVAL / PRINTEMPS / ETE 2026 Merci de privilégier une candidature via le formulaire en ligne, et d&rsquo;y remettre les annexes demandées. Les candidatures incomplètes ne seront pas prises en considération. Veuillez trouver ici le formulaire de candidature pour les séjours, stages et plaines de Carnaval &hellip; <a href="https://www.jeunesseabruxelles.be/site/activites-de-vacances/offre-demploi/" class="more-link">Continuer la lecture de <span class="screen-reader-text">Formulaire de candidature PDF &#8211; Carnaval, Printemps Eté 2026</span> <span class="meta-nav">&rarr;</span></a></p>
