{"id":21,"date":"2014-07-08T13:34:51","date_gmt":"2014-07-08T13:34:51","guid":{"rendered":"http:\/\/jpbuse.be\/?page_id=21"},"modified":"2016-04-14T08:17:50","modified_gmt":"2016-04-14T08:17:50","slug":"qui-sommes-nous","status":"publish","type":"page","link":"https:\/\/www.jeunesseabruxelles.be\/site\/qui-sommes-nous\/","title":{"rendered":"Qui sommes-nous?"},"content":{"rendered":"<p><em>Cr\u00e9\u00e9e tr\u00e8s exactement le 21 juin 1979 comme en attestent ses statuts initiaux publi\u00e9s au Moniteur belge, Jeunesse \u00e0 Bruxelles, association pluraliste, a pour vocation de promouvoir les activit\u00e9s de loisirs au sein de la jeunesse bruxelloise.<\/em><\/p>\n<p><em>Organis\u00e9 \u00e0 l\u2019origine sous forme de \u00ab\u00a0plaines de vacances\u00a0\u00bb ou de \u00ab\u00a0cure de jour\u00a0\u00bb durant les cong\u00e9s d\u2019hiver, de printemps et d\u2019\u00e9t\u00e9, l\u2019accueil s\u2019est depuis lors sensiblement diversifi\u00e9. Ainsi, depuis plusieurs ann\u00e9es, de nombreuses initiatives ont \u00e9t\u00e9 prises pour rendre celui-ci plus attractif\u00a0:<\/em><\/p>\n<ul>\n<li><em>extension des activit\u00e9s aux p\u00e9riodes de vacances d\u2019automne et de carnaval<\/em><\/li>\n<li><em>mise sur pied de s\u00e9jours r\u00e9sidentiels tant en Belgique qu\u2019\u00e0 l\u2019\u00e9tranger (ski)<\/em><\/li>\n<li><em>\u00e9largissement des tranches d\u2019\u00e2ge<\/em><\/li>\n<li><em>organisation de stages culturels, sportifs, \u00e9ducatifs ou ludiques.<\/em><\/li>\n<\/ul>\n<p><em>Parall\u00e8lement aux activit\u00e9s de vacances, Jeunesse \u00e0 Bruxelles asbl s\u2019est vue confier de nouveaux mandats par la Ville de Bruxelles\u00a0:<\/em><\/p>\n<ul>\n<li><em>la coordination de l\u2019accueil extrascolaire\u00a0; dont la nomenclature a \u00e9volu\u00e9 vers la coordination et le pilotage de la C.C.A. (Commission communale de l\u2019Accueil)\u00a0;<\/em><\/li>\n<li><em>la coordination du dispositif PIC (Programme Int\u00e9gration \u2013 Cohabitation) qui a \u00e9t\u00e9 remplac\u00e9e par la coordination du contrat communal de Coh\u00e9sion sociale\u00a0;<\/em><\/li>\n<li><em>la coordination du dispositif FIPI (Fond d\u2019impulsion \u00e0 la Politique de l\u2019Immigration)\u00a0;<\/em><\/li>\n<li><em>et depuis 2009, la coordination de formations pour animateurs, coordinateurs de plaines de vacances et de formations continues dans le cadre du Centre Elisabeth Carter.<\/em><\/li>\n<\/ul>\n","protected":false},"excerpt":{"rendered":"<p>Cr\u00e9\u00e9e tr\u00e8s exactement le 21 juin 1979 comme en attestent ses statuts initiaux publi\u00e9s au Moniteur belge, Jeunesse \u00e0 Bruxelles, association pluraliste, a pour vocation de promouvoir les activit\u00e9s de loisirs au sein de la jeunesse bruxelloise. Organis\u00e9 \u00e0 l\u2019origine sous forme de \u00ab\u00a0plaines de vacances\u00a0\u00bb ou de \u00ab\u00a0cure de jour\u00a0\u00bb durant les cong\u00e9s d\u2019hiver, &hellip; <a href=\"https:\/\/www.jeunesseabruxelles.be\/site\/qui-sommes-nous\/\" class=\"more-link\">Continuer la lecture de <span class=\"screen-reader-text\">Qui sommes-nous?<\/span> <span class=\"meta-nav\">&rarr;<\/span><\/a><\/p>\n","protected":false},"author":5,"featured_media":730,"parent":0,"menu_order":0,"comment_status":"closed","ping_status":"closed","template":"page-templates\/full-width.php","meta":{"footnotes":""},"class_list":["post-21","page","type-page","status-publish","has-post-thumbnail","hentry"],"_links":{"self":[{"href":"https:\/\/www.jeunesseabruxelles.be\/site\/wp-json\/wp\/v2\/pages\/21","targetHints":{"allow":["GET"]}}],"collection":[{"href":"https:\/\/www.jeunesseabruxelles.be\/site\/wp-json\/wp\/v2\/pages"}],"about":[{"href":"https:\/\/www.jeunesseabruxelles.be\/site\/wp-json\/wp\/v2\/types\/page"}],"author":[{"embeddable":true,"href":"https:\/\/www.jeunesseabruxelles.be\/site\/wp-json\/wp\/v2\/users\/5"}],"replies":[{"embeddable":true,"href":"https:\/\/www.jeunesseabruxelles.be\/site\/wp-json\/wp\/v2\/comments?post=21"}],"version-history":[{"count":3,"href":"https:\/\/www.jeunesseabruxelles.be\/site\/wp-json\/wp\/v2\/pages\/21\/revisions"}],"predecessor-version":[{"id":828,"href":"https:\/\/www.jeunesseabruxelles.be\/site\/wp-json\/wp\/v2\/pages\/21\/revisions\/828"}],"wp:featuredmedia":[{"embeddable":true,"href":"https:\/\/www.jeunesseabruxelles.be\/site\/wp-json\/wp\/v2\/media\/730"}],"wp:attachment":[{"href":"https:\/\/www.jeunesseabruxelles.be\/site\/wp-json\/wp\/v2\/media?parent=21"}],"curies":[{"name":"wp","href":"https:\/\/api.w.org\/{rel}","templated":true}]}}

<p><em>Créée très exactement le 21 juin 1979 comme en attestent ses statuts initiaux publiés au Moniteur belge, Jeunesse à Bruxelles, association pluraliste, a pour vocation de promouvoir les activités de loisirs au sein de la jeunesse bruxelloise.</em></p>
<p><em>Organisé à l’origine sous forme de « plaines de vacances » ou de « cure de jour » durant les congés d’hiver, de printemps et d’été, l’accueil s’est depuis lors sensiblement diversifié. Ainsi, depuis plusieurs années, de nombreuses initiatives ont été prises pour rendre celui-ci plus attractif :</em></p>
<ul>
<li><em>extension des activités aux périodes de vacances d’automne et de carnaval</em></li>
<li><em>mise sur pied de séjours résidentiels tant en Belgique qu’à l’étranger (ski)</em></li>
<li><em>élargissement des tranches d’âge</em></li>
<li><em>organisation de stages culturels, sportifs, éducatifs ou ludiques.</em></li>
</ul>
<p><em>Parallèlement aux activités de vacances, Jeunesse à Bruxelles asbl s’est vue confier de nouveaux mandats par la Ville de Bruxelles :</em></p>
<ul>
<li><em>la coordination de l’accueil extrascolaire ; dont la nomenclature a évolué vers la coordination et le pilotage de la C.C.A. (Commission communale de l’Accueil) ;</em></li>
<li><em>la coordination du dispositif PIC (Programme Intégration – Cohabitation) qui a été remplacée par la coordination du contrat communal de Cohésion sociale ;</em></li>
<li><em>la coordination du dispositif FIPI (Fond d’impulsion à la Politique de l’Immigration) ;</em></li>
<li><em>et depuis 2009, la coordination de formations pour animateurs, coordinateurs de plaines de vacances et de formations continues dans le cadre du Centre Elisabeth Carter.</em></li>
</ul>

<p>Créée très exactement le 21 juin 1979 comme en attestent ses statuts initiaux publiés au Moniteur belge, Jeunesse à Bruxelles, association pluraliste, a pour vocation de promouvoir les activités de loisirs au sein de la jeunesse bruxelloise. Organisé à l’origine sous forme de « plaines de vacances » ou de « cure de jour » durant les congés d’hiver, &hellip; <a href="https://www.jeunesseabruxelles.be/site/qui-sommes-nous/" class="more-link">Continuer la lecture de <span class="screen-reader-text">Qui sommes-nous?</span> <span class="meta-nav">&rarr;</span></a></p>
