{"id":110,"date":"2014-07-08T14:12:35","date_gmt":"2014-07-08T14:12:35","guid":{"rendered":"http:\/\/jpbuse.be\/?page_id=110"},"modified":"2025-10-13T18:21:07","modified_gmt":"2025-10-13T18:21:07","slug":"salle-de-la-jeunesse","status":"publish","type":"page","link":"https:\/\/www.jeunesseabruxelles.be\/site\/location-infrastructure\/salle-de-la-jeunesse\/","title":{"rendered":"Salle de la jeunesse"},"content":{"rendered":"<p>\n\n\n<p><\/p>\n\n\n\n<p>\ud83d\udce2 Cette infrastructure est en travaux \u00e0 partir du 1er novembre 2025 et ne peut donc pas \u00eatre r\u00e9serv\u00e9e.<\/p>\n\n\n\n<p><\/p>\n\n\n\n<p><\/p>\n\n\n\n<p class=\"has-x-large-font-size\">\ud83d\udea7<\/p>\n\n\n\n<p><\/p>\n\n\n<p>&nbsp;<\/p>\n<p>La salle de la Jeunesse est situ\u00e9e au 38 rue Melsens\u00a0 \u00e0 1000 Bruxelles (pr\u00e8s de la Place Sainte-Catherine) voir <a href=\"https:\/\/goo.gl\/maps\/v2V8WFoGATJ2\" target=\"_blank\" rel=\"noopener\">carte.<\/a><\/p>\n<p>Elle a une capacit\u00e9 maximale de 100 personnes.<\/p>\n<a href=\"https:\/\/www.jeunesseabruxelles.be\/site\/wp-content\/uploads\/2025\/10\/2025_SALLE-JEUNESSE-Formulaire-demande-doccupation.pdf\" class=\"su-button su-button-style-flat su-button-wide\" style=\"color:#fff;background-color:#666666;border-color:#525252;border-radius:5px\" target=\"_self\"><span style=\"color:#fff;padding:6px 18px;font-size:14px;line-height:21px;border-color:#949494;border-radius:5px;text-shadow:none\"><i class=\"sui sui-arrow-down\" style=\"font-size:14px;color:#FFFFFF\"><\/i> T\u00e9l\u00e9charger le formulaire de demande d\u2019occupation<\/span><\/a>\n<a href=\"https:\/\/www.jeunesseabruxelles.be\/site\/wp-content\/uploads\/2025\/03\/Grille-Tarifaire-2025.pdf\" class=\"su-button su-button-style-flat su-button-wide\" style=\"color:#fff;background-color:#666666;border-color:#525252;border-radius:5px\" target=\"_self\"><span style=\"color:#fff;padding:6px 18px;font-size:14px;line-height:21px;border-color:#949494;border-radius:5px;text-shadow:none\"><i class=\"sui sui-arrow-down\" style=\"font-size:14px;color:#FFFFFF\"><\/i> T\u00e9l\u00e9charger les tarifs<\/span><\/a>\n<a href=\"https:\/\/www.jeunesseabruxelles.be\/site\/wp-content\/uploads\/2025\/10\/SALLE-JEUNESSE-Formulaire-demande-doccupation-_.pdf\" class=\"su-button su-button-style-flat su-button-wide\" style=\"color:#fff;background-color:#666666;border-color:#525252;border-radius:5px\" target=\"_self\"><span style=\"color:#fff;padding:6px 18px;font-size:14px;line-height:21px;border-color:#949494;border-radius:5px;text-shadow:none\"><i class=\"sui sui-arrow-down\" style=\"font-size:14px;color:#FFFFFF\"><\/i> T\u00e9l\u00e9charger le r\u00e8glement d\u2019ordre int\u00e9rieur<\/span><\/a>\n<p><img loading=\"lazy\" decoding=\"async\" class=\"alignnone  wp-image-5928\" src=\"https:\/\/www.jeunesseabruxelles.be\/site\/wp-content\/uploads\/2025\/09\/grande-salle-300x400.jpg\" alt=\"\" width=\"197\" height=\"263\" srcset=\"https:\/\/www.jeunesseabruxelles.be\/site\/wp-content\/uploads\/2025\/09\/grande-salle-300x400.jpg 300w, https:\/\/www.jeunesseabruxelles.be\/site\/wp-content\/uploads\/2025\/09\/grande-salle-113x150.jpg 113w, https:\/\/www.jeunesseabruxelles.be\/site\/wp-content\/uploads\/2025\/09\/grande-salle.jpg 480w\" sizes=\"auto, (max-width: 197px) 100vw, 197px\" \/><img loading=\"lazy\" decoding=\"async\" class=\"alignnone  wp-image-5931\" src=\"https:\/\/www.jeunesseabruxelles.be\/site\/wp-content\/uploads\/2025\/09\/vue-sur-grande-salle-avec-mobilier-300x400.jpg\" alt=\"\" width=\"197\" height=\"262\" srcset=\"https:\/\/www.jeunesseabruxelles.be\/site\/wp-content\/uploads\/2025\/09\/vue-sur-grande-salle-avec-mobilier-300x400.jpg 300w, https:\/\/www.jeunesseabruxelles.be\/site\/wp-content\/uploads\/2025\/09\/vue-sur-grande-salle-avec-mobilier-113x150.jpg 113w, https:\/\/www.jeunesseabruxelles.be\/site\/wp-content\/uploads\/2025\/09\/vue-sur-grande-salle-avec-mobilier.jpg 480w\" sizes=\"auto, (max-width: 197px) 100vw, 197px\" \/><img loading=\"lazy\" decoding=\"async\" class=\"alignnone  wp-image-5929\" src=\"https:\/\/www.jeunesseabruxelles.be\/site\/wp-content\/uploads\/2025\/09\/Petite-salle-pres-du-bar-400x300.jpg\" alt=\"\" width=\"223\" height=\"168\" srcset=\"https:\/\/www.jeunesseabruxelles.be\/site\/wp-content\/uploads\/2025\/09\/Petite-salle-pres-du-bar-400x300.jpg 400w, https:\/\/www.jeunesseabruxelles.be\/site\/wp-content\/uploads\/2025\/09\/Petite-salle-pres-du-bar-150x113.jpg 150w, https:\/\/www.jeunesseabruxelles.be\/site\/wp-content\/uploads\/2025\/09\/Petite-salle-pres-du-bar.jpg 640w\" sizes=\"auto, (max-width: 223px) 100vw, 223px\" \/><img loading=\"lazy\" decoding=\"async\" class=\"alignnone  wp-image-5927\" src=\"https:\/\/www.jeunesseabruxelles.be\/site\/wp-content\/uploads\/2025\/09\/Bar-2-400x300.jpg\" alt=\"\" width=\"223\" height=\"168\" srcset=\"https:\/\/www.jeunesseabruxelles.be\/site\/wp-content\/uploads\/2025\/09\/Bar-2-400x300.jpg 400w, https:\/\/www.jeunesseabruxelles.be\/site\/wp-content\/uploads\/2025\/09\/Bar-2-150x113.jpg 150w, https:\/\/www.jeunesseabruxelles.be\/site\/wp-content\/uploads\/2025\/09\/Bar-2.jpg 640w\" sizes=\"auto, (max-width: 223px) 100vw, 223px\" \/><img loading=\"lazy\" decoding=\"async\" class=\"alignnone  wp-image-5930\" src=\"https:\/\/www.jeunesseabruxelles.be\/site\/wp-content\/uploads\/2025\/09\/tables-rondes-300x400.jpg\" alt=\"\" width=\"153\" height=\"204\" srcset=\"https:\/\/www.jeunesseabruxelles.be\/site\/wp-content\/uploads\/2025\/09\/tables-rondes-300x400.jpg 300w, https:\/\/www.jeunesseabruxelles.be\/site\/wp-content\/uploads\/2025\/09\/tables-rondes-113x150.jpg 113w, https:\/\/www.jeunesseabruxelles.be\/site\/wp-content\/uploads\/2025\/09\/tables-rondes.jpg 480w\" sizes=\"auto, (max-width: 153px) 100vw, 153px\" \/><img loading=\"lazy\" decoding=\"async\" class=\"alignnone  wp-image-5932\" src=\"https:\/\/www.jeunesseabruxelles.be\/site\/wp-content\/uploads\/2025\/09\/cuisine-salle-de-la-Jeunesse-300x400.jpg\" alt=\"\" width=\"154\" height=\"206\" srcset=\"https:\/\/www.jeunesseabruxelles.be\/site\/wp-content\/uploads\/2025\/09\/cuisine-salle-de-la-Jeunesse-300x400.jpg 300w, https:\/\/www.jeunesseabruxelles.be\/site\/wp-content\/uploads\/2025\/09\/cuisine-salle-de-la-Jeunesse-113x150.jpg 113w, https:\/\/www.jeunesseabruxelles.be\/site\/wp-content\/uploads\/2025\/09\/cuisine-salle-de-la-Jeunesse.jpg 480w\" sizes=\"auto, (max-width: 154px) 100vw, 154px\" \/><\/p>\n\n\n<p><\/p>\n","protected":false},"excerpt":{"rendered":"<p>\ud83d\udce2 Cette infrastructure est en travaux \u00e0 partir du 1er novembre 2025 et ne peut donc pas \u00eatre r\u00e9serv\u00e9e. \ud83d\udea7 &nbsp; La salle de la Jeunesse est situ\u00e9e au 38 rue Melsens\u00a0 \u00e0 1000 Bruxelles (pr\u00e8s de la Place Sainte-Catherine) voir carte. Elle a une capacit\u00e9 maximale de 100 personnes.<\/p>\n","protected":false},"author":5,"featured_media":728,"parent":107,"menu_order":0,"comment_status":"closed","ping_status":"open","template":"page-templates\/full-width.php","meta":{"footnotes":""},"class_list":["post-110","page","type-page","status-publish","has-post-thumbnail","hentry"],"_links":{"self":[{"href":"https:\/\/www.jeunesseabruxelles.be\/site\/wp-json\/wp\/v2\/pages\/110","targetHints":{"allow":["GET"]}}],"collection":[{"href":"https:\/\/www.jeunesseabruxelles.be\/site\/wp-json\/wp\/v2\/pages"}],"about":[{"href":"https:\/\/www.jeunesseabruxelles.be\/site\/wp-json\/wp\/v2\/types\/page"}],"author":[{"embeddable":true,"href":"https:\/\/www.jeunesseabruxelles.be\/site\/wp-json\/wp\/v2\/users\/5"}],"replies":[{"embeddable":true,"href":"https:\/\/www.jeunesseabruxelles.be\/site\/wp-json\/wp\/v2\/comments?post=110"}],"version-history":[{"count":18,"href":"https:\/\/www.jeunesseabruxelles.be\/site\/wp-json\/wp\/v2\/pages\/110\/revisions"}],"predecessor-version":[{"id":6060,"href":"https:\/\/www.jeunesseabruxelles.be\/site\/wp-json\/wp\/v2\/pages\/110\/revisions\/6060"}],"up":[{"embeddable":true,"href":"https:\/\/www.jeunesseabruxelles.be\/site\/wp-json\/wp\/v2\/pages\/107"}],"wp:featuredmedia":[{"embeddable":true,"href":"https:\/\/www.jeunesseabruxelles.be\/site\/wp-json\/wp\/v2\/media\/728"}],"wp:attachment":[{"href":"https:\/\/www.jeunesseabruxelles.be\/site\/wp-json\/wp\/v2\/media?parent=110"}],"curies":[{"name":"wp","href":"https:\/\/api.w.org\/{rel}","templated":true}]}}

<p>


<p></p>



<p>📢 Cette infrastructure est en travaux à partir du 1er novembre 2025 et ne peut donc pas être réservée.</p>



<p></p>



<p></p>



<p class="has-x-large-font-size">🚧</p>



<p></p>


<p>&nbsp;</p>
<p>La salle de la Jeunesse est située au 38 rue Melsens  à 1000 Bruxelles (près de la Place Sainte-Catherine) voir <a href="https://goo.gl/maps/v2V8WFoGATJ2" target="_blank" rel="noopener">carte.</a></p>
<p>Elle a une capacité maximale de 100 personnes.</p>
<a href="https://www.jeunesseabruxelles.be/site/wp-content/uploads/2025/10/2025_SALLE-JEUNESSE-Formulaire-demande-doccupation.pdf" class="su-button su-button-style-flat su-button-wide" style="color:#fff;background-color:#666666;border-color:#525252;border-radius:5px" target="_self"><span style="color:#fff;padding:6px 18px;font-size:14px;line-height:21px;border-color:#949494;border-radius:5px;text-shadow:none"><i class="sui sui-arrow-down" style="font-size:14px;color:#FFFFFF"></i> Télécharger le formulaire de demande d’occupation</span></a>
<a href="https://www.jeunesseabruxelles.be/site/wp-content/uploads/2025/03/Grille-Tarifaire-2025.pdf" class="su-button su-button-style-flat su-button-wide" style="color:#fff;background-color:#666666;border-color:#525252;border-radius:5px" target="_self"><span style="color:#fff;padding:6px 18px;font-size:14px;line-height:21px;border-color:#949494;border-radius:5px;text-shadow:none"><i class="sui sui-arrow-down" style="font-size:14px;color:#FFFFFF"></i> Télécharger les tarifs</span></a>
<a href="https://www.jeunesseabruxelles.be/site/wp-content/uploads/2025/10/SALLE-JEUNESSE-Formulaire-demande-doccupation-_.pdf" class="su-button su-button-style-flat su-button-wide" style="color:#fff;background-color:#666666;border-color:#525252;border-radius:5px" target="_self"><span style="color:#fff;padding:6px 18px;font-size:14px;line-height:21px;border-color:#949494;border-radius:5px;text-shadow:none"><i class="sui sui-arrow-down" style="font-size:14px;color:#FFFFFF"></i> Télécharger le règlement d’ordre intérieur</span></a>
<p><img loading="lazy" decoding="async" class="alignnone  wp-image-5928" src="https://www.jeunesseabruxelles.be/site/wp-content/uploads/2025/09/grande-salle-300x400.jpg" alt="" width="197" height="263" srcset="https://www.jeunesseabruxelles.be/site/wp-content/uploads/2025/09/grande-salle-300x400.jpg 300w, https://www.jeunesseabruxelles.be/site/wp-content/uploads/2025/09/grande-salle-113x150.jpg 113w, https://www.jeunesseabruxelles.be/site/wp-content/uploads/2025/09/grande-salle.jpg 480w" sizes="auto, (max-width: 197px) 100vw, 197px" /><img loading="lazy" decoding="async" class="alignnone  wp-image-5931" src="https://www.jeunesseabruxelles.be/site/wp-content/uploads/2025/09/vue-sur-grande-salle-avec-mobilier-300x400.jpg" alt="" width="197" height="262" srcset="https://www.jeunesseabruxelles.be/site/wp-content/uploads/2025/09/vue-sur-grande-salle-avec-mobilier-300x400.jpg 300w, https://www.jeunesseabruxelles.be/site/wp-content/uploads/2025/09/vue-sur-grande-salle-avec-mobilier-113x150.jpg 113w, https://www.jeunesseabruxelles.be/site/wp-content/uploads/2025/09/vue-sur-grande-salle-avec-mobilier.jpg 480w" sizes="auto, (max-width: 197px) 100vw, 197px" /><img loading="lazy" decoding="async" class="alignnone  wp-image-5929" src="https://www.jeunesseabruxelles.be/site/wp-content/uploads/2025/09/Petite-salle-pres-du-bar-400x300.jpg" alt="" width="223" height="168" srcset="https://www.jeunesseabruxelles.be/site/wp-content/uploads/2025/09/Petite-salle-pres-du-bar-400x300.jpg 400w, https://www.jeunesseabruxelles.be/site/wp-content/uploads/2025/09/Petite-salle-pres-du-bar-150x113.jpg 150w, https://www.jeunesseabruxelles.be/site/wp-content/uploads/2025/09/Petite-salle-pres-du-bar.jpg 640w" sizes="auto, (max-width: 223px) 100vw, 223px" /><img loading="lazy" decoding="async" class="alignnone  wp-image-5927" src="https://www.jeunesseabruxelles.be/site/wp-content/uploads/2025/09/Bar-2-400x300.jpg" alt="" width="223" height="168" srcset="https://www.jeunesseabruxelles.be/site/wp-content/uploads/2025/09/Bar-2-400x300.jpg 400w, https://www.jeunesseabruxelles.be/site/wp-content/uploads/2025/09/Bar-2-150x113.jpg 150w, https://www.jeunesseabruxelles.be/site/wp-content/uploads/2025/09/Bar-2.jpg 640w" sizes="auto, (max-width: 223px) 100vw, 223px" /><img loading="lazy" decoding="async" class="alignnone  wp-image-5930" src="https://www.jeunesseabruxelles.be/site/wp-content/uploads/2025/09/tables-rondes-300x400.jpg" alt="" width="153" height="204" srcset="https://www.jeunesseabruxelles.be/site/wp-content/uploads/2025/09/tables-rondes-300x400.jpg 300w, https://www.jeunesseabruxelles.be/site/wp-content/uploads/2025/09/tables-rondes-113x150.jpg 113w, https://www.jeunesseabruxelles.be/site/wp-content/uploads/2025/09/tables-rondes.jpg 480w" sizes="auto, (max-width: 153px) 100vw, 153px" /><img loading="lazy" decoding="async" class="alignnone  wp-image-5932" src="https://www.jeunesseabruxelles.be/site/wp-content/uploads/2025/09/cuisine-salle-de-la-Jeunesse-300x400.jpg" alt="" width="154" height="206" srcset="https://www.jeunesseabruxelles.be/site/wp-content/uploads/2025/09/cuisine-salle-de-la-Jeunesse-300x400.jpg 300w, https://www.jeunesseabruxelles.be/site/wp-content/uploads/2025/09/cuisine-salle-de-la-Jeunesse-113x150.jpg 113w, https://www.jeunesseabruxelles.be/site/wp-content/uploads/2025/09/cuisine-salle-de-la-Jeunesse.jpg 480w" sizes="auto, (max-width: 154px) 100vw, 154px" /></p>


<p></p>

<p>📢 Cette infrastructure est en travaux à partir du 1er novembre 2025 et ne peut donc pas être réservée. 🚧 &nbsp; La salle de la Jeunesse est située au 38 rue Melsens  à 1000 Bruxelles (près de la Place Sainte-Catherine) voir carte. Elle a une capacité maximale de 100 personnes.</p>
