{"id":107,"date":"2014-07-08T14:12:09","date_gmt":"2014-07-08T14:12:09","guid":{"rendered":"http:\/\/jpbuse.be\/?page_id=107"},"modified":"2024-05-24T09:48:51","modified_gmt":"2024-05-24T09:48:51","slug":"location-infrastructure","status":"publish","type":"page","link":"https:\/\/www.jeunesseabruxelles.be\/site\/location-infrastructure\/","title":{"rendered":"Location infrastructures"},"content":{"rendered":"<p>L\u2019asbl Jeunesse \u00e0 Bruxelles est charg\u00e9e de la gestion des locations de plusieurs infrastructures\u00a0: la <a href=\"https:\/\/www.jeunesseabruxelles.be\/site\/location-infrastructure\/salle-de-la-jeunesse\/\"><strong><u>salle de la Jeunesse<\/u><\/strong><\/a>\u00a0 \u00a0(\u00e0 proximit\u00e9 de la Place Sainte-Catherine), la<a href=\"https:\/\/www.jeunesseabruxelles.be\/site\/location-infrastructure\/salle-de-la-cle\/\"> <strong><u>salle de la Cl\u00e9<\/u><\/strong><\/a>\u00a0 (\u00e0 proximit\u00e9 <u>des Arts et M\u00e9tiers) <\/u>et le <a href=\"https:\/\/www.jeunesseabruxelles.be\/site\/location-infrastructure\/domaine-de-combreuil\/\"><strong><u>domaine de Combreuil<\/u><\/strong> <\/a>\u00a0(\u00e0 proximit\u00e9 du plan inclin\u00e9 de Ronqui\u00e8res) ou encore le <a href=\"https:\/\/www.jeunesseabruxelles.be\/site\/domaine-de-mariakerke\/\"><strong>centre de Mariakerke<\/strong><\/a> (\u00e0 la c\u00f4te belge).<\/p>\n<p>Ces infrastructures sont destin\u00e9es en priorit\u00e9 \u00e0 favoriser l&rsquo;organisation d\u2019activit\u00e9s \u00e9ducatives et cr\u00e9atives au profit des enfants \u00a0et des jeunes bruxellois. N\u00e9anmoins, des locations \u00e0 d\u2019autres fins (sociales, culturelles ou priv\u00e9es) sont cependant toujours possibles. L\u2019activit\u00e9 qui s\u2019y d\u00e9roulera ne peut en aucun cas contrevenir aux objectifs fix\u00e9s par le Coll\u00e8ge de la Ville de Bruxelles.<\/p>\n<p>Pour toute information \u00e0 propos de la location de ces infrastructures, vous pouvez nous joindre au 02\/274.21.10 ou 02\/274.21.11.<\/p>\n<p>Un accueil t\u00e9l\u00e9phonique\u00a0 est assur\u00e9 du lundi au vendredi de 9h \u00e0 13h et de 13h30 \u00e0 17h.<\/p>\n<p>P\u00e9riodes de fermeture de nos bureaux\u00a0: tous les jours de semaine de 13 h \u00e0 13h30, les samedis, dimanches et jours f\u00e9ri\u00e9s.<\/p>\n","protected":false},"excerpt":{"rendered":"<p>L\u2019asbl Jeunesse \u00e0 Bruxelles est charg\u00e9e de la gestion des locations de plusieurs infrastructures\u00a0: la salle de la Jeunesse\u00a0 \u00a0(\u00e0 proximit\u00e9 de la Place Sainte-Catherine), la salle de la Cl\u00e9\u00a0 (\u00e0 proximit\u00e9 des Arts et M\u00e9tiers) et le domaine de Combreuil \u00a0(\u00e0 proximit\u00e9 du plan inclin\u00e9 de Ronqui\u00e8res) ou encore le centre de Mariakerke (\u00e0 &hellip; <a href=\"https:\/\/www.jeunesseabruxelles.be\/site\/location-infrastructure\/\" class=\"more-link\">Continuer la lecture de <span class=\"screen-reader-text\">Location infrastructures<\/span> <span class=\"meta-nav\">&rarr;<\/span><\/a><\/p>\n","protected":false},"author":5,"featured_media":728,"parent":0,"menu_order":0,"comment_status":"closed","ping_status":"closed","template":"page-templates\/full-width.php","meta":{"footnotes":""},"class_list":["post-107","page","type-page","status-publish","has-post-thumbnail","hentry"],"_links":{"self":[{"href":"https:\/\/www.jeunesseabruxelles.be\/site\/wp-json\/wp\/v2\/pages\/107","targetHints":{"allow":["GET"]}}],"collection":[{"href":"https:\/\/www.jeunesseabruxelles.be\/site\/wp-json\/wp\/v2\/pages"}],"about":[{"href":"https:\/\/www.jeunesseabruxelles.be\/site\/wp-json\/wp\/v2\/types\/page"}],"author":[{"embeddable":true,"href":"https:\/\/www.jeunesseabruxelles.be\/site\/wp-json\/wp\/v2\/users\/5"}],"replies":[{"embeddable":true,"href":"https:\/\/www.jeunesseabruxelles.be\/site\/wp-json\/wp\/v2\/comments?post=107"}],"version-history":[{"count":7,"href":"https:\/\/www.jeunesseabruxelles.be\/site\/wp-json\/wp\/v2\/pages\/107\/revisions"}],"predecessor-version":[{"id":4931,"href":"https:\/\/www.jeunesseabruxelles.be\/site\/wp-json\/wp\/v2\/pages\/107\/revisions\/4931"}],"wp:featuredmedia":[{"embeddable":true,"href":"https:\/\/www.jeunesseabruxelles.be\/site\/wp-json\/wp\/v2\/media\/728"}],"wp:attachment":[{"href":"https:\/\/www.jeunesseabruxelles.be\/site\/wp-json\/wp\/v2\/media?parent=107"}],"curies":[{"name":"wp","href":"https:\/\/api.w.org\/{rel}","templated":true}]}}

<p>L’asbl Jeunesse à Bruxelles est chargée de la gestion des locations de plusieurs infrastructures : la <a href="https://www.jeunesseabruxelles.be/site/location-infrastructure/salle-de-la-jeunesse/"><strong><u>salle de la Jeunesse</u></strong></a>   (à proximité de la Place Sainte-Catherine), la<a href="https://www.jeunesseabruxelles.be/site/location-infrastructure/salle-de-la-cle/"> <strong><u>salle de la Clé</u></strong></a>  (à proximité <u>des Arts et Métiers) </u>et le <a href="https://www.jeunesseabruxelles.be/site/location-infrastructure/domaine-de-combreuil/"><strong><u>domaine de Combreuil</u></strong> </a> (à proximité du plan incliné de Ronquières) ou encore le <a href="https://www.jeunesseabruxelles.be/site/domaine-de-mariakerke/"><strong>centre de Mariakerke</strong></a> (à la côte belge).</p>
<p>Ces infrastructures sont destinées en priorité à favoriser l&rsquo;organisation d’activités éducatives et créatives au profit des enfants  et des jeunes bruxellois. Néanmoins, des locations à d’autres fins (sociales, culturelles ou privées) sont cependant toujours possibles. L’activité qui s’y déroulera ne peut en aucun cas contrevenir aux objectifs fixés par le Collège de la Ville de Bruxelles.</p>
<p>Pour toute information à propos de la location de ces infrastructures, vous pouvez nous joindre au 02/274.21.10 ou 02/274.21.11.</p>
<p>Un accueil téléphonique  est assuré du lundi au vendredi de 9h à 13h et de 13h30 à 17h.</p>
<p>Périodes de fermeture de nos bureaux : tous les jours de semaine de 13 h à 13h30, les samedis, dimanches et jours fériés.</p>

<p>L’asbl Jeunesse à Bruxelles est chargée de la gestion des locations de plusieurs infrastructures : la salle de la Jeunesse   (à proximité de la Place Sainte-Catherine), la salle de la Clé  (à proximité des Arts et Métiers) et le domaine de Combreuil  (à proximité du plan incliné de Ronquières) ou encore le centre de Mariakerke (à &hellip; <a href="https://www.jeunesseabruxelles.be/site/location-infrastructure/" class="more-link">Continuer la lecture de <span class="screen-reader-text">Location infrastructures</span> <span class="meta-nav">&rarr;</span></a></p>
